Last updated on 2025-10-21 11:53:26 CEST.
Flavor | Version | Tinstall | Tcheck | Ttotal | Status | Flags |
---|---|---|---|---|---|---|
r-devel-linux-x86_64-debian-clang | 1.6-0 | 3.89 | 119.07 | 122.96 | NOTE | |
r-devel-linux-x86_64-debian-gcc | 1.6-0 | 3.04 | 70.65 | 73.69 | NOTE | |
r-devel-linux-x86_64-fedora-clang | 1.6-0 | 194.91 | OK | |||
r-devel-linux-x86_64-fedora-gcc | 1.6-0 | 185.34 | OK | |||
r-devel-windows-x86_64 | 1.6-0 | 6.00 | 115.00 | 121.00 | OK | |
r-patched-linux-x86_64 | 1.6-0 | 4.12 | 110.82 | 114.94 | OK | |
r-release-linux-x86_64 | 1.6-0 | 4.26 | 110.35 | 114.61 | OK | |
r-release-macos-arm64 | 1.6-0 | 48.00 | OK | |||
r-release-macos-x86_64 | 1.6-0 | 4.00 | 102.00 | 106.00 | OK | |
r-release-windows-x86_64 | 1.6-0 | 7.00 | 121.00 | 128.00 | OK | |
r-oldrel-macos-arm64 | 1.6-0 | 51.00 | OK | |||
r-oldrel-macos-x86_64 | 1.6-0 | 80.00 | OK | |||
r-oldrel-windows-x86_64 | 1.6-0 | 7.00 | 156.00 | 163.00 | OK |
Version: 1.6-0
Check: CRAN incoming feasibility
Result: NOTE
Maintainer: ‘Francisco Javier Luna-Vazquez <frahik@gmail.com>’
The BugReports field in DESCRIPTION has
https://github.com/frahik/IBCF.MTME/issues/new
which should likely be
https://github.com/frahik/IBCF.MTME/issues/new/issues
instead.
Flavors: r-devel-linux-x86_64-debian-clang, r-devel-linux-x86_64-debian-gcc
Version: 1.6-0
Check: HTML version of manual
Result: NOTE
Found the following HTML validation problems:
barplot.IBCFY.html:55:1 (barplot.IBCFY.Rd:14): Warning: missing </ul> before </div>
plot.IBCF.html:55:1 (plot.IBCF.Rd:14): Warning: missing </ul> before </div>
summary.IBCF.html:60:1 (summary.IBCF.Rd:17): Warning: missing </ul> before </div>
summary.IBCFY.html:55:1 (summary.IBCFY.Rd:14): Warning: missing </ul> before </div>
Flavors: r-devel-linux-x86_64-debian-clang, r-devel-linux-x86_64-debian-gcc