Last updated on 2025-10-30 19:53:26 CET.
| Flavor | Version | Tinstall | Tcheck | Ttotal | Status | Flags | 
|---|---|---|---|---|---|---|
| r-devel-linux-x86_64-debian-clang | 0.1.0 | 1.55 | 17.64 | 19.19 | NOTE | |
| r-devel-linux-x86_64-debian-gcc | 0.1.0 | 1.31 | 15.05 | 16.36 | NOTE | |
| r-devel-linux-x86_64-fedora-clang | 0.1.0 | 29.13 | OK | |||
| r-devel-linux-x86_64-fedora-gcc | 0.1.0 | 26.31 | OK | |||
| r-devel-windows-x86_64 | 0.1.0 | 3.00 | 32.00 | 35.00 | OK | |
| r-patched-linux-x86_64 | 0.1.0 | 1.63 | 16.66 | 18.29 | OK | |
| r-release-linux-x86_64 | 0.1.0 | 1.49 | 16.65 | 18.14 | OK | |
| r-release-macos-arm64 | 0.1.0 | 1.00 | 12.00 | 13.00 | OK | |
| r-release-macos-x86_64 | 0.1.0 | 1.00 | 19.00 | 20.00 | OK | |
| r-release-windows-x86_64 | 0.1.0 | 3.00 | 34.00 | 37.00 | OK | |
| r-oldrel-macos-arm64 | 0.1.0 | 1.00 | 11.00 | 12.00 | OK | |
| r-oldrel-macos-x86_64 | 0.1.0 | 2.00 | 23.00 | 25.00 | OK | |
| r-oldrel-windows-x86_64 | 0.1.0 | 3.00 | 33.00 | 36.00 | OK | 
Version: 0.1.0
Check: CRAN incoming feasibility
Result: NOTE
  Maintainer: ‘Zhicheng Du<dgdzc@hotmail.com>’
  
  No Authors@R field in DESCRIPTION.
  Please add one, modifying
    Authors@R: c(person(given = "Zhicheng",
                        family = "Du",
                        role = c("aut", "cre"),
                        email = "dgdzc@hotmail.com"),
                 person(given = "Yuantao",
                        family = "Hao",
                        role = "aut"))
  as necessary.
Flavors: r-devel-linux-x86_64-debian-clang, r-devel-linux-x86_64-debian-gcc