Last updated on 2025-11-15 00:50:23 CET.
| Flavor | Version | Tinstall | Tcheck | Ttotal | Status | Flags |
|---|---|---|---|---|---|---|
| r-devel-linux-x86_64-debian-clang | 0.5.1 | 74.76 | 227.73 | 302.49 | OK | |
| r-devel-linux-x86_64-debian-gcc | 0.5.1 | 47.34 | 156.64 | 203.98 | OK | |
| r-devel-linux-x86_64-fedora-clang | 0.5.1 | 176.00 | 356.97 | 532.97 | OK | |
| r-devel-linux-x86_64-fedora-gcc | 0.5.1 | 118.00 | 362.77 | 480.77 | OK | |
| r-devel-windows-x86_64 | 0.5.1 | 99.00 | 256.00 | 355.00 | OK | |
| r-patched-linux-x86_64 | 0.5.1 | 73.18 | 223.53 | 296.71 | OK | |
| r-release-linux-x86_64 | 0.5.1 | 73.10 | 221.83 | 294.93 | OK | |
| r-release-macos-arm64 | 0.5.1 | 28.00 | 92.00 | 120.00 | OK | |
| r-release-macos-x86_64 | 0.5.1 | 29.00 | 232.00 | 261.00 | OK | |
| r-release-windows-x86_64 | 0.5.1 | 81.00 | 223.00 | 304.00 | OK | |
| r-oldrel-macos-arm64 | 0.5.1 | 26.00 | 121.00 | 147.00 | WARN | |
| r-oldrel-macos-x86_64 | 0.5.1 | 30.00 | 242.00 | 272.00 | WARN | |
| r-oldrel-windows-x86_64 | 0.5.1 | 102.00 | 337.00 | 439.00 | WARN |
Version: 0.5.1
Check: S3 generic/method consistency
Result: WARN
mdffits:
function(model, ...)
mdffits.mer:
function(object, level, delete, ...)
See section ‘Generic functions and methods’ in the ‘Writing R
Extensions’ manual.
Flavors: r-oldrel-macos-arm64, r-oldrel-macos-x86_64, r-oldrel-windows-x86_64