Last updated on 2025-07-19 14:48:28 CEST.
Flavor | Version | Tinstall | Tcheck | Ttotal | Status | Flags |
---|---|---|---|---|---|---|
r-devel-linux-x86_64-debian-clang | 2.3.2 | 13.95 | 108.33 | 122.28 | OK | |
r-devel-linux-x86_64-debian-gcc | 2.3.2 | 7.83 | 78.66 | 86.49 | OK | |
r-devel-linux-x86_64-fedora-clang | 2.3.2 | 189.85 | OK | |||
r-devel-linux-x86_64-fedora-gcc | 2.3.2 | 190.22 | OK | |||
r-devel-windows-x86_64 | 2.3.2 | 14.00 | 112.00 | 126.00 | OK | |
r-patched-linux-x86_64 | 2.3.2 | 12.32 | 101.82 | 114.14 | OK | |
r-release-linux-x86_64 | 2.3.2 | 12.40 | 101.59 | 113.99 | OK | |
r-release-macos-arm64 | 2.3.2 | 63.00 | OK | |||
r-release-macos-x86_64 | 2.3.2 | 113.00 | OK | |||
r-release-windows-x86_64 | 2.3.2 | 15.00 | 107.00 | 122.00 | OK | |
r-oldrel-macos-arm64 | 2.3.2 | 61.00 | OK | |||
r-oldrel-macos-x86_64 | 2.3.2 | 116.00 | OK | |||
r-oldrel-windows-x86_64 | 2.3.2 | 6.00 | 9.00 | 15.00 | ERROR |
Version: 2.3.2
Check: whether package can be installed
Result: ERROR
Installation failed.
Flavor: r-oldrel-windows-x86_64