Last updated on 2025-07-19 08:48:37 CEST.
Flavor | Version | Tinstall | Tcheck | Ttotal | Status | Flags |
---|---|---|---|---|---|---|
r-devel-linux-x86_64-debian-clang | 1.0.5-1 | 114.65 | 87.34 | 201.99 | OK | |
r-devel-linux-x86_64-debian-gcc | 1.0.5-1 | 92.03 | 71.38 | 163.41 | OK | |
r-devel-linux-x86_64-fedora-clang | 1.0.5-1 | 324.18 | OK | |||
r-devel-linux-x86_64-fedora-gcc | 1.0.5-1 | 353.66 | OK | |||
r-devel-windows-x86_64 | 1.0.5-1 | 114.00 | 124.00 | 238.00 | OK | |
r-patched-linux-x86_64 | 1.0.5-1 | 127.93 | 94.98 | 222.91 | OK | |
r-release-linux-x86_64 | 1.0.5-1 | 124.93 | 94.89 | 219.82 | OK | |
r-release-macos-arm64 | 1.0.5-1 | 94.00 | OK | |||
r-release-macos-x86_64 | 1.0.5-1 | 110.00 | OK | |||
r-release-windows-x86_64 | 1.0.5-1 | 110.00 | 124.00 | 234.00 | OK | |
r-oldrel-macos-arm64 | 1.0.5-1 | 92.00 | NOTE | |||
r-oldrel-macos-x86_64 | 1.0.5-1 | 113.00 | NOTE | |||
r-oldrel-windows-x86_64 | 1.0.5-1 | 141.00 | 152.00 | 293.00 | OK |
Version: 1.0.5-1
Check: installed package size
Result: NOTE
installed size is 36.2Mb
sub-directories of 1Mb or more:
libs 35.2Mb
Flavors: r-oldrel-macos-arm64, r-oldrel-macos-x86_64