CRAN Package Check Results for Package HDMAADMM

Last updated on 2025-07-19 08:48:37 CEST.

Flavor Version Tinstall Tcheck Ttotal Status Flags
r-devel-linux-x86_64-debian-clang 0.0.1 45.33 29.63 74.96 OK
r-devel-linux-x86_64-debian-gcc 0.0.1 37.81 27.70 65.51 OK
r-devel-linux-x86_64-fedora-clang 0.0.1 126.55 OK
r-devel-linux-x86_64-fedora-gcc 0.0.1 135.89 OK
r-devel-windows-x86_64 0.0.1 49.00 76.00 125.00 OK
r-patched-linux-x86_64 0.0.1 52.64 32.18 84.82 OK
r-release-linux-x86_64 0.0.1 50.61 31.72 82.33 OK
r-release-macos-arm64 0.0.1 47.00 OK
r-release-macos-x86_64 0.0.1 52.00 OK
r-release-windows-x86_64 0.0.1 51.00 72.00 123.00 OK
r-oldrel-macos-arm64 0.0.1 41.00 NOTE
r-oldrel-macos-x86_64 0.0.1 44.00 NOTE
r-oldrel-windows-x86_64 0.0.1 63.00 85.00 148.00 OK

Check Details

Version: 0.0.1
Check: installed package size
Result: NOTE installed size is 17.0Mb sub-directories of 1Mb or more: libs 16.9Mb Flavors: r-oldrel-macos-arm64, r-oldrel-macos-x86_64