CRAN Package Check Results for Package GVARX

Last updated on 2025-07-17 05:49:50 CEST.

Flavor Version Tinstall Tcheck Ttotal Status Flags
r-devel-linux-x86_64-debian-clang 1.4 14.83 149.42 164.25 NOTE
r-devel-linux-x86_64-debian-gcc 1.4 9.73 101.30 111.03 NOTE
r-devel-linux-x86_64-fedora-clang 1.4 250.48 OK
r-devel-linux-x86_64-fedora-gcc 1.4 239.17 OK
r-devel-windows-x86_64 1.4 14.00 146.00 160.00 OK
r-patched-linux-x86_64 1.4 13.17 139.06 152.23 OK
r-release-linux-x86_64 1.4 14.02 139.95 153.97 OK
r-release-macos-arm64 1.4 84.00 OK
r-release-macos-x86_64 1.4 140.00 OK
r-release-windows-x86_64 1.4 15.00 146.00 161.00 OK
r-oldrel-macos-arm64 1.4 70.00 OK
r-oldrel-macos-x86_64 1.4 124.00 OK
r-oldrel-windows-x86_64 1.4 19.00 191.00 210.00 OK

Check Details

Version: 1.4
Check: CRAN incoming feasibility
Result: NOTE Maintainer: ‘Ho Tsung-wu <tsungwu@ntnu.edu.tw>’ No Authors@R field in DESCRIPTION. Please add one, modifying Authors@R: person(given = "Ho", family = "Tsung-wu", role = c("aut", "cre"), email = "tsungwu@ntnu.edu.tw") as necessary. Flavors: r-devel-linux-x86_64-debian-clang, r-devel-linux-x86_64-debian-gcc