Last updated on 2025-10-31 14:49:43 CET.
| Flavor | Version | Tinstall | Tcheck | Ttotal | Status | Flags | 
|---|---|---|---|---|---|---|
| r-devel-linux-x86_64-debian-clang | 0.99.4 | 52.70 | 441.24 | 493.94 | OK | |
| r-devel-linux-x86_64-debian-gcc | 0.99.4 | 35.11 | 323.53 | 358.64 | OK | |
| r-devel-linux-x86_64-fedora-clang | 0.99.4 | 369.00 | 463.89 | 832.89 | OK | |
| r-devel-linux-x86_64-fedora-gcc | 0.99.4 | 270.00 | 532.26 | 802.26 | OK | |
| r-devel-windows-x86_64 | 0.99.4 | 49.00 | 375.00 | 424.00 | OK | |
| r-patched-linux-x86_64 | 0.99.4 | 0.24 | 1.90 | 2.14 | ERROR | |
| r-release-linux-x86_64 | 0.99.4 | 47.17 | 408.37 | 455.54 | OK | |
| r-release-macos-arm64 | 0.99.4 | 23.00 | 173.00 | 196.00 | OK | |
| r-release-macos-x86_64 | 0.99.4 | 49.00 | 390.00 | 439.00 | OK | |
| r-release-windows-x86_64 | 0.99.4 | 11.00 | 5.00 | 16.00 | ERROR | |
| r-oldrel-macos-arm64 | 0.99.4 | 24.00 | 188.00 | 212.00 | OK | |
| r-oldrel-macos-x86_64 | 0.99.4 | 44.00 | 370.00 | 414.00 | OK | |
| r-oldrel-windows-x86_64 | 0.99.4 | 12.00 | 9.00 | 21.00 | ERROR | 
Version: 0.99.4
Check: package dependencies
Result: ERROR
  Package required but not available: ‘GSVA’
  
  See section ‘The DESCRIPTION file’ in the ‘Writing R Extensions’
  manual.
Flavor: r-patched-linux-x86_64
Version: 0.99.4
Check: whether package can be installed
Result: ERROR
  Installation failed.
Flavors: r-release-windows-x86_64, r-oldrel-windows-x86_64