Last updated on 2025-10-31 14:49:43 CET.
| Flavor | Version | Tinstall | Tcheck | Ttotal | Status | Flags | 
|---|---|---|---|---|---|---|
| r-devel-linux-x86_64-debian-clang | 1.3 | 3.13 | 37.13 | 40.26 | NOTE | |
| r-devel-linux-x86_64-debian-gcc | 1.3 | 2.33 | 26.45 | 28.78 | NOTE | |
| r-devel-linux-x86_64-fedora-clang | 1.3 | 60.23 | NOTE | |||
| r-devel-linux-x86_64-fedora-gcc | 1.3 | 57.70 | NOTE | |||
| r-devel-windows-x86_64 | 1.3 | 4.00 | 51.00 | 55.00 | NOTE | |
| r-patched-linux-x86_64 | 1.3 | 3.11 | 34.72 | 37.83 | NOTE | |
| r-release-linux-x86_64 | 1.3 | 2.91 | 34.80 | 37.71 | NOTE | |
| r-release-macos-arm64 | 1.3 | 1.00 | 18.00 | 19.00 | NOTE | |
| r-release-macos-x86_64 | 1.3 | 3.00 | 32.00 | 35.00 | NOTE | |
| r-release-windows-x86_64 | 1.3 | 5.00 | 51.00 | 56.00 | NOTE | |
| r-oldrel-macos-arm64 | 1.3 | 2.00 | 16.00 | 18.00 | NOTE | |
| r-oldrel-macos-x86_64 | 1.3 | 2.00 | 26.00 | 28.00 | NOTE | |
| r-oldrel-windows-x86_64 | 1.3 | 3.00 | 50.00 | 53.00 | NOTE | 
Version: 1.3
Check: CRAN incoming feasibility
Result: NOTE
  Maintainer: ‘Daniel C. Amorese  <amorese@ipgp.fr>’
  
  No Authors@R field in DESCRIPTION.
  Please add one, modifying
    Authors@R: c(person(given = "Daniel",
                        family = "Amorese",
                        role = "aut"),
                 person(given = c("Paul", "A."),
                        family = "Rydelek",
                        role = "aut"),
                 person(given = "Jean-Robert",
                        family = "Grasso",
                        role = "aut"),
                 person(given = c("Daniel", "C."),
                        family = "Amorese",
                        role = "cre",
                        email = "amorese@ipgp.fr"))
  as necessary.
Flavors: r-devel-linux-x86_64-debian-clang, r-devel-linux-x86_64-debian-gcc
Version: 1.3
Check: Rd files
Result: NOTE
  checkRd: (-1) fmddisc.Rd:23: Escaped LaTeX specials: \_
  checkRd: (-1) schuster.Rd:46: Escaped LaTeX specials: \_
  checkRd: (-1) schuster.Rd:54: Escaped LaTeX specials: \&
Flavors: r-devel-linux-x86_64-debian-clang, r-devel-linux-x86_64-debian-gcc, r-devel-linux-x86_64-fedora-clang, r-devel-linux-x86_64-fedora-gcc, r-devel-windows-x86_64, r-patched-linux-x86_64, r-release-linux-x86_64, r-release-macos-arm64, r-release-macos-x86_64, r-release-windows-x86_64, r-oldrel-macos-arm64, r-oldrel-macos-x86_64, r-oldrel-windows-x86_64
Version: 1.3
Check: for non-standard things in the check directory
Result: NOTE
  Found the following files/directories:
    ‘FMD mag discontinuities_disc.png’ ‘FMD mag
    discontinuities_disc1.res’ ‘FMD mag discontinuities_disc2.res’
    ‘IDYLLWILD_bvmed.png’ ‘IDYLLWILD_fig.png’ ‘Schuster's
    diagram_schu.png’ ‘hour.res’
Flavors: r-devel-linux-x86_64-debian-clang, r-devel-linux-x86_64-debian-gcc, r-devel-linux-x86_64-fedora-clang, r-devel-linux-x86_64-fedora-gcc, r-patched-linux-x86_64, r-release-linux-x86_64