CRAN Package Check Results for Package GFisher

Last updated on 2025-11-15 18:48:42 CET.

Flavor Version Tinstall Tcheck Ttotal Status Flags
r-devel-linux-x86_64-debian-clang 0.2.0 5.61 52.26 57.87 NOTE
r-devel-linux-x86_64-debian-gcc 0.2.0 5.04 41.36 46.40 NOTE
r-devel-linux-x86_64-fedora-clang 0.2.0 11.00 75.09 86.09 OK
r-devel-linux-x86_64-fedora-gcc 0.2.0 13.00 71.87 84.87 OK
r-devel-windows-x86_64 0.2.0 8.00 67.00 75.00 OK
r-patched-linux-x86_64 0.2.0 5.06 51.29 56.35 OK
r-release-linux-x86_64 0.2.0 4.90 51.16 56.06 OK
r-release-macos-arm64 0.2.0 3.00 31.00 34.00 OK
r-release-macos-x86_64 0.2.0 6.00 46.00 52.00 OK
r-release-windows-x86_64 0.2.0 6.00 81.00 87.00 OK
r-oldrel-macos-arm64 0.2.0 3.00 26.00 29.00 OK
r-oldrel-macos-x86_64 0.2.0 4.00 39.00 43.00 OK
r-oldrel-windows-x86_64 0.2.0 9.00 80.00 89.00 OK

Check Details

Version: 0.2.0
Check: CRAN incoming feasibility
Result: NOTE Maintainer: ‘Hong Zhang <hzhang@wpi.edu>’ No Authors@R field in DESCRIPTION. Please add one, modifying Authors@R: c(person(given = "Hong", family = "Zhang", role = c("aut", "cre"), email = "hzhang@wpi.edu"), person(given = "Zheyang", family = "Wu", role = "aut")) as necessary. The Description field contains found in Hong Zhang and Zheyang Wu (2020) <arXiv:2003.01286>. Please refer to arXiv e-prints via their arXiv DOI <doi:10.48550/arXiv.YYMM.NNNNN>. Flavors: r-devel-linux-x86_64-debian-clang, r-devel-linux-x86_64-debian-gcc