Last updated on 2025-10-31 14:49:42 CET.
| Flavor | Version | Tinstall | Tcheck | Ttotal | Status | Flags | 
|---|---|---|---|---|---|---|
| r-devel-linux-x86_64-debian-clang | 0.3.3 | 5.25 | 64.17 | 69.42 | NOTE | |
| r-devel-linux-x86_64-debian-gcc | 0.3.3 | 4.67 | 47.08 | 51.75 | NOTE | |
| r-devel-linux-x86_64-fedora-clang | 0.3.3 | 14.00 | 98.08 | 112.08 | NOTE | |
| r-devel-linux-x86_64-fedora-gcc | 0.3.3 | 16.00 | 103.36 | 119.36 | NOTE | |
| r-devel-windows-x86_64 | 0.3.3 | 9.00 | 72.00 | 81.00 | NOTE | |
| r-patched-linux-x86_64 | 0.3.3 | 6.33 | 61.42 | 67.75 | NOTE | |
| r-release-linux-x86_64 | 0.3.3 | 6.27 | 62.26 | 68.53 | NOTE | |
| r-release-macos-arm64 | 0.3.3 | 3.00 | 35.00 | 38.00 | NOTE | |
| r-release-macos-x86_64 | 0.3.3 | 6.00 | 63.00 | 69.00 | NOTE | |
| r-release-windows-x86_64 | 0.3.3 | 9.00 | 74.00 | 83.00 | NOTE | |
| r-oldrel-macos-arm64 | 0.3.3 | 3.00 | 33.00 | 36.00 | NOTE | |
| r-oldrel-macos-x86_64 | 0.3.3 | 4.00 | 51.00 | 55.00 | NOTE | |
| r-oldrel-windows-x86_64 | 0.3.3 | 11.00 | 91.00 | 102.00 | NOTE | 
Version: 0.3.3
Check: CRAN incoming feasibility
Result: NOTE
  Maintainer: ‘Sarah Friedrich <sarah.friedrich@math.uni-augsburg.de>’
  
  No Authors@R field in DESCRIPTION.
  Please add one, modifying
    Authors@R: c(person(given = "Sarah",
                        family = "Friedrich",
                        role = c("aut", "cre"),
                        email = "sarah.friedrich@math.uni-augsburg.de"),
                 person(given = "Frank",
                        family = "Konietschke",
                        role = "aut"),
                 person(given = "Markus",
                        family = "Pauly",
                        role = "aut"),
                 person(given = "Marc",
                        family = "Ditzhaus",
                        role = "aut"),
                 person(given = "Philipp",
                        family = "Steinhauer",
                        role = "aut"))
  as necessary.
Flavors: r-devel-linux-x86_64-debian-clang, r-devel-linux-x86_64-debian-gcc
Version: 0.3.3
Check: Rd files
Result: NOTE
  checkRd: (-1) QANOVA.Rd:62: Lost braces in \itemize; meant \describe ?
  checkRd: (-1) QANOVA.Rd:63: Lost braces in \itemize; meant \describe ?
  checkRd: (-1) QANOVA.Rd:64-66: Lost braces in \itemize; meant \describe ?
  checkRd: (-1) QANOVA.Rd:67: Lost braces in \itemize; meant \describe ?
Flavors: r-devel-linux-x86_64-debian-clang, r-devel-linux-x86_64-debian-gcc, r-devel-linux-x86_64-fedora-clang, r-devel-linux-x86_64-fedora-gcc, r-devel-windows-x86_64, r-patched-linux-x86_64, r-release-linux-x86_64, r-release-macos-arm64, r-release-macos-x86_64, r-release-windows-x86_64, r-oldrel-macos-arm64, r-oldrel-macos-x86_64, r-oldrel-windows-x86_64
Version: 0.3.3
Check: package dependencies
Result: NOTE
  Package suggested but not available for checking: ‘RGtk2’
Flavors: r-oldrel-macos-arm64, r-oldrel-macos-x86_64, r-oldrel-windows-x86_64