Last updated on 2025-07-19 08:48:36 CEST.
Flavor | Version | Tinstall | Tcheck | Ttotal | Status | Flags |
---|---|---|---|---|---|---|
r-devel-linux-x86_64-debian-clang | 1.0.1 | 7.63 | 79.60 | 87.23 | NOTE | |
r-devel-linux-x86_64-debian-gcc | 1.0.1 | 5.56 | 59.62 | 65.18 | NOTE | |
r-devel-linux-x86_64-fedora-clang | 1.0.1 | 138.02 | OK | |||
r-devel-linux-x86_64-fedora-gcc | 1.0.1 | 142.30 | OK | |||
r-devel-windows-x86_64 | 1.0.1 | 9.00 | 96.00 | 105.00 | OK | |
r-patched-linux-x86_64 | 1.0.1 | 7.31 | 77.06 | 84.37 | OK | |
r-release-linux-x86_64 | 1.0.1 | 7.82 | 75.07 | 82.89 | OK | |
r-release-macos-arm64 | 1.0.1 | 63.00 | OK | |||
r-release-macos-x86_64 | 1.0.1 | 105.00 | OK | |||
r-release-windows-x86_64 | 1.0.1 | 8.00 | 94.00 | 102.00 | OK | |
r-oldrel-macos-arm64 | 1.0.1 | 48.00 | OK | |||
r-oldrel-macos-x86_64 | 1.0.1 | 68.00 | OK | |||
r-oldrel-windows-x86_64 | 1.0.1 | 11.00 | 113.00 | 124.00 | OK |
Version: 1.0.1
Check: CRAN incoming feasibility
Result: NOTE
Maintainer: ‘Sydney Manning <sydney.manning@unthsc.edu>’
No Authors@R field in DESCRIPTION.
Please add one, modifying
Authors@R: c(person(given = "Zhengyang",
family = "Zhou",
role = "aut"),
person(given = "Sydney",
family = "Manning",
role = "cre",
email = "sydney.manning@unthsc.edu"))
as necessary.
Flavors: r-devel-linux-x86_64-debian-clang, r-devel-linux-x86_64-debian-gcc