Last updated on 2025-11-22 03:50:49 CET.
| Flavor | Version | Tinstall | Tcheck | Ttotal | Status | Flags |
|---|---|---|---|---|---|---|
| r-devel-linux-x86_64-debian-clang | 0.4.8 | 3.48 | 43.22 | 46.70 | OK | |
| r-devel-linux-x86_64-debian-gcc | 0.4.8 | 2.75 | 32.35 | 35.10 | OK | |
| r-devel-linux-x86_64-fedora-clang | 0.4.8 | 14.00 | 62.28 | 76.28 | OK | |
| r-devel-windows-x86_64 | 0.4.7 | 14.00 | 59.00 | 73.00 | OK | |
| r-patched-linux-x86_64 | 0.4.8 | 3.65 | 39.67 | 43.32 | OK | |
| r-release-linux-x86_64 | 0.4.7 | 3.42 | 40.03 | 43.45 | OK | |
| r-release-macos-arm64 | 0.4.7 | 5.00 | 13.00 | 18.00 | OK | |
| r-release-macos-x86_64 | 0.4.8 | 5.00 | 98.00 | 103.00 | OK | |
| r-release-windows-x86_64 | 0.4.7 | 8.00 | 57.00 | 65.00 | OK | |
| r-oldrel-macos-arm64 | 0.4.8 | 0.00 | 9.00 | 9.00 | ERROR | |
| r-oldrel-macos-x86_64 | 0.4.8 | 12.00 | 90.00 | 102.00 | OK | |
| r-oldrel-windows-x86_64 | 0.4.7 | 9.00 | 69.00 | 78.00 | OK |
Version: 0.4.8
Check: whether package can be installed
Result: ERROR
Installation failed.
Flavor: r-oldrel-macos-arm64