Last updated on 2025-11-16 06:49:37 CET.
| Flavor | Version | Tinstall | Tcheck | Ttotal | Status | Flags |
|---|---|---|---|---|---|---|
| r-devel-linux-x86_64-debian-clang | 0.1.2 | 8.44 | 71.19 | 79.63 | OK | |
| r-devel-linux-x86_64-debian-gcc | 0.1.2 | 6.28 | 52.70 | 58.98 | NOTE | |
| r-devel-linux-x86_64-fedora-clang | 0.1.2 | 18.00 | 95.16 | 113.16 | OK | |
| r-devel-linux-x86_64-fedora-gcc | 0.1.2 | 21.00 | 90.81 | 111.81 | OK | |
| r-devel-windows-x86_64 | 0.1.2 | 12.00 | 80.00 | 92.00 | OK | |
| r-patched-linux-x86_64 | 0.1.2 | 8.83 | 67.27 | 76.10 | OK | |
| r-release-linux-x86_64 | 0.1.2 | 8.36 | 67.46 | 75.82 | OK | |
| r-release-macos-arm64 | 0.1.2 | 3.00 | 34.00 | 37.00 | OK | |
| r-release-macos-x86_64 | 0.1.2 | 8.00 | 63.00 | 71.00 | OK | |
| r-release-windows-x86_64 | 0.1.2 | 10.00 | 79.00 | 89.00 | OK | |
| r-oldrel-macos-arm64 | 0.1.2 | 3.00 | 37.00 | 40.00 | OK | |
| r-oldrel-macos-x86_64 | 0.1.2 | 7.00 | 70.00 | 77.00 | OK | |
| r-oldrel-windows-x86_64 | 0.1.2 | 12.00 | 99.00 | 111.00 | OK |
Version: 0.1.2
Check: CRAN incoming feasibility
Result: NOTE
Maintainer: ‘Daniele Girolimetto <daniele.girolimetto@unipd.it>’
The BugReports field in DESCRIPTION has
https://github.com/danigiro/FoCo2/issues/
which should likely be
https://github.com/danigiro/FoCo2/issues/issues
instead.
Flavor: r-devel-linux-x86_64-debian-gcc