Last updated on 2025-10-22 11:51:08 CEST.
Flavor | Version | Tinstall | Tcheck | Ttotal | Status | Flags |
---|---|---|---|---|---|---|
r-devel-linux-x86_64-debian-clang | 0.1.0.1 | 4.15 | 39.44 | 43.59 | NOTE | |
r-devel-linux-x86_64-debian-gcc | 0.1.0.1 | 2.63 | 30.51 | 33.14 | NOTE | |
r-devel-linux-x86_64-fedora-clang | 0.1.0.1 | 10.00 | 51.71 | 61.71 | OK | |
r-devel-linux-x86_64-fedora-gcc | 0.1.0.1 | 11.00 | 64.05 | 75.05 | OK | |
r-devel-windows-x86_64 | 0.1.0.1 | 5.00 | 53.00 | 58.00 | OK | |
r-patched-linux-x86_64 | 0.1.0.1 | 3.74 | 36.58 | 40.32 | OK | |
r-release-linux-x86_64 | 0.1.0.1 | 3.94 | 36.15 | 40.09 | OK | |
r-release-macos-arm64 | 0.1.0.1 | 2.00 | 27.00 | 29.00 | OK | |
r-release-macos-x86_64 | 0.1.0.1 | 4.00 | 53.00 | 57.00 | OK | |
r-release-windows-x86_64 | 0.1.0.1 | 6.00 | 54.00 | 60.00 | OK | |
r-oldrel-macos-arm64 | 0.1.0.1 | 2.00 | 26.00 | 28.00 | OK | |
r-oldrel-macos-x86_64 | 0.1.0.1 | 5.00 | 65.00 | 70.00 | OK | |
r-oldrel-windows-x86_64 | 0.1.0.1 | 7.00 | 69.00 | 76.00 | OK |
Version: 0.1.0.1
Check: HTML version of manual
Result: NOTE
Found the following HTML validation problems:
FlickrAPIRequest.html:76:1 (FlickrAPIRequest.Rd:29): Warning: missing </ul> before </div>
setFlickrAPIKey.html:63:1 (setFlickrAPIKey.Rd:24): Warning: missing </ul> before </div>
Flavors: r-devel-linux-x86_64-debian-clang, r-devel-linux-x86_64-debian-gcc