Last updated on 2025-10-26 11:50:39 CET.
| Flavor | Version | Tinstall | Tcheck | Ttotal | Status | Flags | 
|---|---|---|---|---|---|---|
| r-devel-linux-x86_64-debian-clang | 0.6.3 | 2.50 | 214.54 | 217.04 | NOTE | |
| r-devel-linux-x86_64-debian-gcc | 0.6.3 | 1.71 | 120.33 | 122.04 | NOTE | |
| r-devel-linux-x86_64-fedora-clang | 0.6.3 | 367.64 | OK | |||
| r-devel-linux-x86_64-fedora-gcc | 0.6.3 | 362.39 | OK | |||
| r-devel-windows-x86_64 | 0.6.3 | 4.00 | 162.00 | 166.00 | OK | |
| r-patched-linux-x86_64 | 0.6.3 | 2.31 | 201.77 | 204.08 | OK | |
| r-release-linux-x86_64 | 0.6.3 | 2.23 | 200.08 | 202.31 | OK | |
| r-release-macos-arm64 | 0.6.3 | 1.00 | 70.00 | 71.00 | OK | |
| r-release-macos-x86_64 | 0.6.3 | 2.00 | 148.00 | 150.00 | OK | |
| r-release-windows-x86_64 | 0.6.3 | 4.00 | 175.00 | 179.00 | OK | |
| r-oldrel-macos-arm64 | 0.6.3 | 1.00 | 67.00 | 68.00 | OK | |
| r-oldrel-macos-x86_64 | 0.6.3 | 2.00 | 111.00 | 113.00 | OK | |
| r-oldrel-windows-x86_64 | 0.6.3 | 4.00 | 202.00 | 206.00 | OK | 
Version: 0.6.3
Check: CRAN incoming feasibility
Result: NOTE
  Maintainer: ‘Stuart Baumann <Stuart@StuartBaumann.com>’
  
  No Authors@R field in DESCRIPTION.
  Please add one, modifying
    Authors@R: c(person(given = c("Stuart", "Baumann", "&", "Margaryta"),
                        family = "Klymak",
                        role = "aut"),
                 person(given = "Stuart",
                        family = "Baumann",
                        role = "cre",
                        email = "Stuart@StuartBaumann.com"))
  as necessary.
Flavors: r-devel-linux-x86_64-debian-clang, r-devel-linux-x86_64-debian-gcc