Last updated on 2025-11-15 00:50:18 CET.
| Flavor | Version | Tinstall | Tcheck | Ttotal | Status | Flags |
|---|---|---|---|---|---|---|
| r-devel-linux-x86_64-debian-clang | 1.4.2 | 27.72 | 307.65 | 335.37 | OK | |
| r-devel-linux-x86_64-debian-gcc | 1.4.2 | 18.40 | 197.72 | 216.12 | OK | |
| r-devel-linux-x86_64-fedora-clang | 1.4.2 | 62.00 | 485.52 | 547.52 | OK | |
| r-devel-linux-x86_64-fedora-gcc | 1.4.2 | 56.00 | 463.47 | 519.47 | OK | |
| r-devel-windows-x86_64 | 1.4.2 | 35.00 | 267.00 | 302.00 | OK | |
| r-patched-linux-x86_64 | 1.4.2 | 29.10 | 287.25 | 316.35 | OK | |
| r-release-linux-x86_64 | 1.4.2 | 29.08 | 291.66 | 320.74 | OK | |
| r-release-macos-arm64 | 1.4.2 | 10.00 | 119.00 | 129.00 | OK | |
| r-release-macos-x86_64 | 1.4.2 | 24.00 | 251.00 | 275.00 | OK | |
| r-release-windows-x86_64 | 1.4.2 | 29.00 | 263.00 | 292.00 | OK | |
| r-oldrel-macos-arm64 | 1.4.2 | 11.00 | 123.00 | 134.00 | NOTE | |
| r-oldrel-macos-x86_64 | 1.4.2 | 39.00 | 368.00 | 407.00 | NOTE | |
| r-oldrel-windows-x86_64 | 1.4.2 | 39.00 | 365.00 | 404.00 | OK |
Version: 1.4.2
Check: installed package size
Result: NOTE
installed size is 5.8Mb
sub-directories of 1Mb or more:
R 2.0Mb
doc 1.8Mb
help 1.1Mb
Flavors: r-oldrel-macos-arm64, r-oldrel-macos-x86_64