Last updated on 2025-10-31 14:49:41 CET.
| Flavor | Version | Tinstall | Tcheck | Ttotal | Status | Flags | 
|---|---|---|---|---|---|---|
| r-devel-linux-x86_64-debian-clang | 1.1.2 | 7.07 | 64.69 | 71.76 | NOTE | |
| r-devel-linux-x86_64-debian-gcc | 1.1.2 | 4.92 | 48.22 | 53.14 | NOTE | |
| r-devel-linux-x86_64-fedora-clang | 1.1.2 | 15.00 | 90.68 | 105.68 | OK | |
| r-devel-linux-x86_64-fedora-gcc | 1.1.2 | 14.00 | 89.11 | 103.11 | OK | |
| r-devel-windows-x86_64 | 1.1.2 | 8.00 | 81.00 | 89.00 | OK | |
| r-patched-linux-x86_64 | 1.1.2 | 6.14 | 60.94 | 67.08 | OK | |
| r-release-linux-x86_64 | 1.1.2 | 6.59 | 60.79 | 67.38 | OK | |
| r-release-macos-arm64 | 1.1.2 | 3.00 | 29.00 | 32.00 | OK | |
| r-release-macos-x86_64 | 1.1.2 | 6.00 | 63.00 | 69.00 | OK | |
| r-release-windows-x86_64 | 1.1.2 | 8.00 | 79.00 | 87.00 | OK | |
| r-oldrel-macos-arm64 | 1.1.2 | 3.00 | 29.00 | 32.00 | NOTE | |
| r-oldrel-macos-x86_64 | 1.1.2 | 5.00 | 62.00 | 67.00 | NOTE | |
| r-oldrel-windows-x86_64 | 1.1.2 | 10.00 | 96.00 | 106.00 | NOTE | 
Version: 1.1.2
Check: CRAN incoming feasibility
Result: NOTE
  Maintainer: ‘Kridsadakorn Chaichoompu <kridsadakorn@biostatgen.org>’
  
  Package CITATION file contains call(s) to old-style personList() or
  as.personList().  Please use c() on person objects instead.
  Package CITATION file contains call(s) to old-style citEntry().  Please
  use bibentry() instead.
Flavors: r-devel-linux-x86_64-debian-clang, r-devel-linux-x86_64-debian-gcc
Version: 1.1.2
Check: LazyData
Result: NOTE
    'LazyData' is specified without a 'data' directory
Flavors: r-oldrel-macos-arm64, r-oldrel-macos-x86_64, r-oldrel-windows-x86_64