Last updated on 2025-11-21 21:49:40 CET.
| Flavor | Version | Tinstall | Tcheck | Ttotal | Status | Flags |
|---|---|---|---|---|---|---|
| r-devel-linux-x86_64-debian-clang | 0.2.0 | 2.15 | 51.24 | 53.39 | OK | |
| r-devel-linux-x86_64-debian-gcc | 0.2.0 | 1.72 | 37.47 | 39.19 | OK | |
| r-devel-linux-x86_64-fedora-clang | 0.2.0 | 16.00 | 69.88 | 85.88 | OK | |
| r-devel-windows-x86_64 | 0.2.0 | 5.00 | 74.00 | 79.00 | OK | |
| r-patched-linux-x86_64 | 0.2.0 | 1.86 | 45.76 | 47.62 | OK | |
| r-release-linux-x86_64 | 0.2.0 | 1.83 | 46.31 | 48.14 | OK | |
| r-release-macos-arm64 | 0.2.0 | OK | ||||
| r-release-macos-x86_64 | 0.2.0 | 2.00 | 64.00 | 66.00 | OK | |
| r-release-windows-x86_64 | 0.2.0 | 4.00 | 72.00 | 76.00 | OK | |
| r-oldrel-macos-arm64 | 0.2.0 | NOTE | ||||
| r-oldrel-macos-x86_64 | 0.2.0 | 2.00 | 50.00 | 52.00 | NOTE | |
| r-oldrel-windows-x86_64 | 0.2.0 | 6.00 | 118.00 | 124.00 | NOTE |
Version: 0.2.0
Check: LazyData
Result: NOTE
'LazyData' is specified without a 'data' directory
Flavors: r-oldrel-macos-arm64, r-oldrel-macos-x86_64, r-oldrel-windows-x86_64