Last updated on 2025-10-15 09:52:48 CEST.
Flavor | Version | Tinstall | Tcheck | Ttotal | Status | Flags |
---|---|---|---|---|---|---|
r-devel-linux-x86_64-debian-clang | 1.0.3 | 8.36 | 92.11 | 100.47 | OK | |
r-devel-linux-x86_64-debian-gcc | 1.0.3 | 5.91 | 59.71 | 65.62 | ERROR | |
r-devel-linux-x86_64-fedora-clang | 1.0.3 | 151.87 | OK | |||
r-devel-linux-x86_64-fedora-gcc | 1.0.3 | 159.10 | OK | |||
r-devel-windows-x86_64 | 1.0.3 | 10.00 | 130.00 | 140.00 | OK | |
r-patched-linux-x86_64 | 1.0.3 | 8.26 | 87.36 | 95.62 | OK | |
r-release-linux-x86_64 | 1.0.3 | 6.82 | 85.72 | 92.54 | OK | |
r-release-macos-arm64 | 1.0.3 | 101.00 | OK | |||
r-release-macos-x86_64 | 1.0.3 | 146.00 | OK | |||
r-release-windows-x86_64 | 1.0.3 | 12.00 | 134.00 | 146.00 | OK | |
r-oldrel-macos-arm64 | 1.0.3 | 100.00 | OK | |||
r-oldrel-macos-x86_64 | 1.0.3 | 153.00 | OK | |||
r-oldrel-windows-x86_64 | 1.0.3 | 14.00 | 179.00 | 193.00 | OK |
Version: 1.0.3
Check: re-building of vignette outputs
Result: ERROR
Error(s) in re-building vignettes:
...
--- re-building ‘Epoch.Rmd’ using rmarkdown
Quitting from Epoch.Rmd:53-58 [load_single]
~~~~~~~~~~~~~~~~~~~~~~~~~~~~~~~~~~~~~~~~~~~~~~~~~~~~~~~~~~~~~~~~~~~~~~~~~~~~~~~~
<error/rlang_error>
Error:
! Forbidden (HTTP 403)
---
Backtrace:
▆
1. ├─downloader$FragilityData_subpt01_1
2. └─downloader$FragilityData_subpt01_1
3. ├─x[name]
4. └─x[name]
5. └─Epoch (local) .local(x, i, ...)
6. └─Epoch:::download_to_tmp_folder(x, non_exist_file_names)
7. ├─osfr::osf_download(...)
8. └─osfr:::osf_download.osf_tbl_file(...)
9. └─base::Map(...)
10. └─base::mapply(FUN = f, ..., SIMPLIFY = FALSE)
11. └─osfr (local) `<fn>`(...)
12. └─osfr:::.wb_download(...)
13. └─res$raise_for_status()
~~~~~~~~~~~~~~~~~~~~~~~~~~~~~~~~~~~~~~~~~~~~~~~~~~~~~~~~~~~~~~~~~~~~~~~~~~~~~~~~
Error: processing vignette 'Epoch.Rmd' failed with diagnostics:
Forbidden (HTTP 403)
--- failed re-building ‘Epoch.Rmd’
SUMMARY: processing the following file failed:
‘Epoch.Rmd’
Error: Vignette re-building failed.
Execution halted
Flavor: r-devel-linux-x86_64-debian-gcc