Last updated on 2025-10-31 14:49:40 CET.
| Flavor | Version | Tinstall | Tcheck | Ttotal | Status | Flags | 
|---|---|---|---|---|---|---|
| r-devel-linux-x86_64-debian-clang | 0.1.2 | 19.39 | 59.82 | 79.21 | NOTE | |
| r-devel-linux-x86_64-debian-gcc | 0.1.2 | 15.26 | 42.46 | 57.72 | NOTE | |
| r-devel-linux-x86_64-fedora-clang | 0.1.2 | 45.00 | 82.19 | 127.19 | OK | |
| r-devel-linux-x86_64-fedora-gcc | 0.1.2 | 39.00 | 103.66 | 142.66 | OK | |
| r-devel-windows-x86_64 | 0.1.2 | 22.00 | 92.00 | 114.00 | OK | |
| r-patched-linux-x86_64 | 0.1.2 | 22.35 | 56.95 | 79.30 | OK | |
| r-release-linux-x86_64 | 0.1.2 | 20.23 | 57.81 | 78.04 | OK | |
| r-release-macos-arm64 | 0.1.2 | 8.00 | 34.00 | 42.00 | OK | |
| r-release-macos-x86_64 | 0.1.2 | 16.00 | 62.00 | 78.00 | OK | |
| r-release-windows-x86_64 | 0.1.2 | 23.00 | 93.00 | 116.00 | OK | |
| r-oldrel-macos-arm64 | 0.1.2 | 9.00 | 31.00 | 40.00 | OK | |
| r-oldrel-macos-x86_64 | 0.1.2 | 14.00 | 49.00 | 63.00 | OK | |
| r-oldrel-windows-x86_64 | 0.1.2 | 25.00 | 116.00 | 141.00 | OK | 
Version: 0.1.2
Check: CRAN incoming feasibility
Result: NOTE
  Maintainer: ‘Ehouarn Le Faou <ehouarnlefaou@orange.fr>’
  
  No Authors@R field in DESCRIPTION.
  Please add one, modifying
    Authors@R: person(given = "Ehouarn",
                      family = "Le Faou",
                      role = c("aut", "cre"),
                      email = "ehouarnlefaou@orange.fr")
  as necessary.
Flavors: r-devel-linux-x86_64-debian-clang, r-devel-linux-x86_64-debian-gcc