Last updated on 2025-10-21 17:49:45 CEST.
Flavor | Version | Tinstall | Tcheck | Ttotal | Status | Flags |
---|---|---|---|---|---|---|
r-devel-linux-x86_64-debian-clang | 1.0.11 | 16.44 | 205.08 | 221.52 | NOTE | |
r-devel-linux-x86_64-debian-gcc | 1.0.11 | 10.67 | 129.09 | 139.76 | NOTE | |
r-devel-linux-x86_64-fedora-clang | 1.0.11 | 34.00 | 295.23 | 329.23 | OK | |
r-devel-linux-x86_64-fedora-gcc | 1.0.11 | 38.00 | 281.41 | 319.41 | OK | |
r-devel-windows-x86_64 | 1.0.11 | 21.00 | 268.00 | 289.00 | OK | |
r-patched-linux-x86_64 | 1.0.11 | 23.56 | 192.66 | 216.22 | OK | |
r-release-linux-x86_64 | 1.0.11 | 18.59 | 190.96 | 209.55 | OK | |
r-release-macos-arm64 | 1.0.11 | 8.00 | 77.00 | 85.00 | OK | |
r-release-macos-x86_64 | 1.0.11 | 16.00 | 162.00 | 178.00 | OK | |
r-release-windows-x86_64 | 1.0.11 | 27.00 | 270.00 | 297.00 | OK | |
r-oldrel-macos-arm64 | 1.0.11 | 9.00 | 79.00 | 88.00 | NOTE | |
r-oldrel-macos-x86_64 | 1.0.11 | 12.00 | 117.00 | 129.00 | OK | |
r-oldrel-windows-x86_64 | 1.0.11 | 30.00 | 326.00 | 356.00 | OK |
Version: 1.0.11
Check: HTML version of manual
Result: NOTE
Found the following HTML validation problems:
DiagrammeROutput.html:56:1 (DiagrammeROutput.Rd:16): Warning: missing </ul> before </div>
grVizOutput.html:56:1 (grVizOutput.Rd:16): Warning: missing </ul> before </div>
renderDiagrammeR.html:55:1 (renderDiagrammeR.Rd:15): Warning: missing </ul> before </div>
Flavors: r-devel-linux-x86_64-debian-clang, r-devel-linux-x86_64-debian-gcc
Version: 1.0.11
Check: package dependencies
Result: NOTE
Package suggested but not available for checking: ‘testthat’
Flavor: r-oldrel-macos-arm64