Last updated on 2025-10-24 05:50:36 CEST.
| Flavor | Version | Tinstall | Tcheck | Ttotal | Status | Flags |
|---|---|---|---|---|---|---|
| r-devel-linux-x86_64-debian-clang | 0.99.60 | 83.60 | 380.39 | 463.99 | NOTE | |
| r-devel-linux-x86_64-debian-gcc | 0.99.60 | 59.34 | 240.65 | 299.99 | NOTE | |
| r-devel-linux-x86_64-fedora-clang | 0.99.60 | 194.00 | 525.12 | 719.12 | OK | |
| r-devel-linux-x86_64-fedora-gcc | 0.99.60 | 183.00 | 521.41 | 704.41 | OK | |
| r-devel-windows-x86_64 | 0.99.60 | 100.00 | 487.00 | 587.00 | OK | |
| r-patched-linux-x86_64 | 0.99.60 | 95.36 | 351.60 | 446.96 | OK | |
| r-release-linux-x86_64 | 0.99.60 | 82.45 | 352.44 | 434.89 | OK | |
| r-release-macos-arm64 | 0.99.60 | 36.00 | 125.00 | 161.00 | OK | |
| r-release-macos-x86_64 | 0.99.60 | 61.00 | 205.00 | 266.00 | OK | |
| r-release-windows-x86_64 | 0.99.60 | 101.00 | 490.00 | 591.00 | OK | |
| r-oldrel-macos-arm64 | 0.99.60 | 35.00 | 104.00 | 139.00 | NOTE | |
| r-oldrel-macos-x86_64 | 0.99.60 | 56.00 | 222.00 | 278.00 | NOTE | |
| r-oldrel-windows-x86_64 | 0.99.60 | 128.00 | 611.00 | 739.00 | NOTE |
Version: 0.99.60
Check: HTML version of manual
Result: NOTE
Found the following HTML validation problems:
Herfindahl.html:69:1 (Herfindahl.Rd:26): Warning: <h3> anchor "_sec_note" already defined
KrippAlpha.html:117:1 (KrippAlpha.Rd:41): Warning: <h3> anchor "_sec_note" already defined
UnirootAll.html:108:1 (UnirootAll.Rd:100): Warning: <h3> anchor "_sec_note" already defined
Flavor: r-devel-linux-x86_64-debian-clang
Version: 0.99.60
Check: Rd files
Result: NOTE
checkRd: (-1) ConvUnit.Rd:46-108: Only 3 columns allowed in this table (row 1 has 1)
checkRd: (-1) ConvUnit.Rd:46-108: Only 3 columns allowed in this table (row 2 has 1)
checkRd: (-1) ConvUnit.Rd:46-108: Only 3 columns allowed in this table (row 5 has 2)
checkRd: (-1) ConvUnit.Rd:46-108: Only 3 columns allowed in this table (row 6 has 2)
checkRd: (-1) ConvUnit.Rd:46-108: Only 3 columns allowed in this table (row 7 has 2)
checkRd: (-1) ConvUnit.Rd:46-108: Only 3 columns allowed in this table (row 8 has 1)
checkRd: (-1) ConvUnit.Rd:46-108: Only 3 columns allowed in this table (row 9 has 2)
checkRd: (-1) ConvUnit.Rd:46-108: Only 3 columns allowed in this table (row 11 has 2)
checkRd: (-1) ConvUnit.Rd:46-108: Only 3 columns allowed in this table (row 12 has 2)
checkRd: (-1) ConvUnit.Rd:46-108: Only 3 columns allowed in this table (row 13 has 2)
checkRd: (-1) ConvUnit.Rd:46-108: Only 3 columns allowed in this table (row 14 has 2)
checkRd: (-1) ConvUnit.Rd:46-108: Only 3 columns allowed in this table (row 15 has 2)
checkRd: (-1) ConvUnit.Rd:46-108: Only 3 columns allowed in this table (row 18 has 2)
checkRd: (-1) ConvUnit.Rd:46-108: Only 3 columns allowed in this table (row 19 has 1)
checkRd: (-1) ConvUnit.Rd:46-108: Only 3 columns allowed in this table (row 20 has 2)
checkRd: (-1) ConvUnit.Rd:46-108: Only 3 columns allowed in this table (row 21 has 2)
checkRd: (-1) ConvUnit.Rd:46-108: Only 3 columns allowed in this table (row 22 has 2)
checkRd: (-1) ConvUnit.Rd:46-108: Only 3 columns allowed in this table (row 23 has 2)
checkRd: (-1) ConvUnit.Rd:46-108: Only 3 columns allowed in this table (row 24 has 2)
checkRd: (-1) ConvUnit.Rd:46-108: Only 3 columns allowed in this table (row 25 has 2)
checkRd: (-1) ConvUnit.Rd:46-108: Only 3 columns allowed in this table (row 26 has 1)
checkRd: (-1) ConvUnit.Rd:46-108: Only 3 columns allowed in this table (row 27 has 2)
checkRd: (-1) ConvUnit.Rd:46-108: Only 3 columns allowed in this table (row 28 has 2)
checkRd: (-1) ConvUnit.Rd:46-108: Only 3 columns allowed in this table (row 29 has 2)
checkRd: (-1) ConvUnit.Rd:46-108: Only 3 columns allowed in this table (row 30 has 2)
checkRd: (-1) ConvUnit.Rd:46-108: Only 3 columns allowed in this table (row 31 has 2)
checkRd: (-1) ConvUnit.Rd:46-108: Only 3 columns allowed in this table (row 32 has 2)
checkRd: (-1) ConvUnit.Rd:46-108: Only 3 columns allowed in this table (row 33 has 2)
checkRd: (-1) ConvUnit.Rd:46-108: Only 3 columns allowed in this table (row 34 has 1)
checkRd: (-1) ConvUnit.Rd:46-108: Only 3 columns allowed in this table (row 35 has 2)
checkRd: (-1) ConvUnit.Rd:46-108: Only 3 columns allowed in this table (row 39 has 2)
checkRd: (-1) ConvUnit.Rd:46-108: Only 3 columns allowed in this table (row 40 has 1)
checkRd: (-1) ConvUnit.Rd:46-108: Only 3 columns allowed in this table (row 41 has 2)
checkRd: (-1) ConvUnit.Rd:46-108: Only 3 columns allowed in this table (row 42 has 2)
checkRd: (-1) ConvUnit.Rd:46-108: Only 3 columns allowed in this table (row 43 has 2)
checkRd: (-1) ConvUnit.Rd:46-108: Only 3 columns allowed in this table (row 45 has 2)
checkRd: (-1) ConvUnit.Rd:46-108: Only 3 columns allowed in this table (row 46 has 1)
checkRd: (-1) ConvUnit.Rd:46-108: Only 3 columns allowed in this table (row 47 has 2)
checkRd: (-1) ConvUnit.Rd:46-108: Only 3 columns allowed in this table (row 48 has 2)
checkRd: (-1) ConvUnit.Rd:46-108: Only 3 columns allowed in this table (row 49 has 2)
checkRd: (-1) ConvUnit.Rd:46-108: Only 3 columns allowed in this table (row 51 has 1)
checkRd: (-1) ConvUnit.Rd:46-108: Only 3 columns allowed in this table (row 52 has 2)
checkRd: (-1) ConvUnit.Rd:46-108: Only 3 columns allowed in this table (row 53 has 2)
checkRd: (-1) ConvUnit.Rd:46-108: Only 3 columns allowed in this table (row 54 has 2)
checkRd: (-1) DescTools-package.Rd:23-444: Only 2 columns allowed in this table (row 1 has 1)
checkRd: (-1) DescTools-package.Rd:23-444: Only 2 columns allowed in this table (row 2 has 1)
checkRd: (-1) DescTools-package.Rd:23-444: Only 2 columns allowed in this table (row 51 has 1)
checkRd: (-1) DescTools-package.Rd:23-444: Only 2 columns allowed in this table (row 52 has 1)
checkRd: (-1) DescTools-package.Rd:23-444: Only 2 columns allowed in this table (row 90 has 1)
checkRd: (-1) DescTools-package.Rd:23-444: Only 2 columns allowed in this table (row 91 has 1)
checkRd: (-1) DescTools-package.Rd:23-444: Only 2 columns allowed in this table (row 110 has 1)
checkRd: (-1) DescTools-package.Rd:23-444: Only 2 columns allowed in this table (row 111 has 1)
checkRd: (-1) DescTools-package.Rd:23-444: Only 2 columns allowed in this table (row 128 has 1)
checkRd: (-1) DescTools-package.Rd:23-444: Only 2 columns allowed in this table (row 129 has 1)
checkRd: (-1) DescTools-package.Rd:23-444: Only 2 columns allowed in this table (row 137 has 1)
checkRd: (-1) DescTools-package.Rd:23-444: Only 2 columns allowed in this table (row 138 has 1)
checkRd: (-1) DescTools-package.Rd:23-444: Only 2 columns allowed in this table (row 167 has 1)
checkRd: (-1) DescTools-package.Rd:23-444: Only 2 columns allowed in this table (row 168 has 1)
checkRd: (-1) DescTools-package.Rd:23-444: Only 2 columns allowed in this table (row 201 has 1)
checkRd: (-1) DescTools-package.Rd:23-444: Only 2 columns allowed in this table (row 202 has 1)
checkRd: (-1) DescTools-package.Rd:23-444: Only 2 columns allowed in this table (row 216 has 1)
checkRd: (-1) DescTools-package.Rd:23-444: Only 2 columns allowed in this table (row 217 has 1)
checkRd: (-1) DescTools-package.Rd:23-444: Only 2 columns allowed in this table (row 298 has 1)
checkRd: (-1) DescTools-package.Rd:23-444: Only 2 columns allowed in this table (row 299 has 1)
checkRd: (-1) DescTools-package.Rd:23-444: Only 2 columns allowed in this table (row 340 has 1)
checkRd: (-1) DescTools-package.Rd:23-444: Only 2 columns allowed in this table (row 341 has 1)
checkRd: (-1) DescTools-package.Rd:23-444: Only 2 columns allowed in this table (row 361 has 1)
checkRd: (-1) DescTools-package.Rd:23-444: Only 2 columns allowed in this table (row 362 has 1)
checkRd: (-1) DescTools-package.Rd:23-444: Only 2 columns allowed in this table (row 370 has 1)
checkRd: (-1) DescTools-package.Rd:23-444: Only 2 columns allowed in this table (row 371 has 1)
checkRd: (-1) DescTools-package.Rd:23-444: Only 2 columns allowed in this table (row 374 has 1)
checkRd: (-1) DescTools-package.Rd:23-444: Only 2 columns allowed in this table (row 375 has 1)
checkRd: (-1) DescTools-package.Rd:23-444: Only 2 columns allowed in this table (row 411 has 1)
checkRd: (-1) DescTools-package.Rd:23-444: Only 2 columns allowed in this table (row 412 has 1)
checkRd: (-1) DescTools-package.Rd:23-444: Only 2 columns allowed in this table (row 424 has 1)
checkRd: (-1) DescTools-package.Rd:23-444: Only 2 columns allowed in this table (row 425 has 1)
checkRd: (-1) DescTools-package.Rd:23-444: Only 2 columns allowed in this table (row 429 has 1)
checkRd: (-1) DescTools-package.Rd:23-444: Only 2 columns allowed in this table (row 430 has 1)
checkRd: (-1) Format.Rd:98-112: Only 2 columns allowed in this table (row 13 has 1)
checkRd: (-1) Format.Rd:118-144: Only 3 columns allowed in this table (row 4 has 2)
checkRd: (-1) Format.Rd:118-144: Only 3 columns allowed in this table (row 9 has 2)
checkRd: (-1) Format.Rd:118-144: Only 3 columns allowed in this table (row 12 has 2)
checkRd: (-1) Format.Rd:118-144: Only 3 columns allowed in this table (row 15 has 2)
Flavor: r-devel-linux-x86_64-debian-gcc
Version: 0.99.60
Check: package dependencies
Result: NOTE
Package suggested but not available for checking: ‘RDCOMClient’
Flavors: r-oldrel-macos-arm64, r-oldrel-macos-x86_64, r-oldrel-windows-x86_64
Version: 0.99.60
Check: installed package size
Result: NOTE
installed size is 9.9Mb
sub-directories of 1Mb or more:
R 2.0Mb
doc 1.8Mb
help 1.6Mb
libs 3.8Mb
Flavors: r-oldrel-macos-arm64, r-oldrel-macos-x86_64, r-oldrel-windows-x86_64