CRAN Package Check Results for Package DecorateR

Last updated on 2025-10-21 17:49:45 CEST.

Flavor Version Tinstall Tcheck Ttotal Status Flags
r-devel-linux-x86_64-debian-clang 0.1.2 6.17 58.71 64.88 NOTE
r-devel-linux-x86_64-debian-gcc 0.1.2 4.93 46.46 51.39 NOTE
r-devel-linux-x86_64-fedora-clang 0.1.2 11.00 90.07 101.07 OK
r-devel-linux-x86_64-fedora-gcc 0.1.2 11.00 88.49 99.49 OK
r-devel-windows-x86_64 0.1.2 7.00 72.00 79.00 OK
r-patched-linux-x86_64 0.1.2 6.28 57.24 63.52 OK
r-release-linux-x86_64 0.1.2 6.23 57.38 63.61 OK
r-release-macos-arm64 0.1.2 4.00 31.00 35.00 OK
r-release-macos-x86_64 0.1.2 5.00 47.00 52.00 OK
r-release-windows-x86_64 0.1.2 9.00 76.00 85.00 OK
r-oldrel-macos-arm64 0.1.2 3.00 27.00 30.00 NOTE
r-oldrel-macos-x86_64 0.1.2 4.00 39.00 43.00 NOTE
r-oldrel-windows-x86_64 0.1.2 7.00 85.00 92.00 NOTE

Check Details

Version: 0.1.2
Check: CRAN incoming feasibility
Result: NOTE Maintainer: ‘Matthias Bogaert <Matthias.Bogaert@UGent.Be>’ No Authors@R field in DESCRIPTION. Please add one, modifying Authors@R: person(given = "Matthias", family = "Bogaert", role = c("aut", "cre"), email = "matthias.bogaert@ugent.be") as necessary. Flavors: r-devel-linux-x86_64-debian-clang, r-devel-linux-x86_64-debian-gcc

Version: 0.1.2
Check: LazyData
Result: NOTE 'LazyData' is specified without a 'data' directory Flavors: r-oldrel-macos-arm64, r-oldrel-macos-x86_64, r-oldrel-windows-x86_64