Last updated on 2025-07-19 08:48:33 CEST.
Flavor | Version | Tinstall | Tcheck | Ttotal | Status | Flags |
---|---|---|---|---|---|---|
r-devel-linux-x86_64-debian-clang | 1.2.2 | 62.86 | 447.20 | 510.06 | OK | |
r-devel-linux-x86_64-debian-gcc | 1.2.2 | 45.59 | 322.14 | 367.73 | OK | |
r-devel-linux-x86_64-fedora-clang | 1.2.2 | 849.46 | OK | |||
r-devel-linux-x86_64-fedora-gcc | 1.2.2 | 754.79 | OK | |||
r-devel-windows-x86_64 | 1.2.2 | 63.00 | 359.00 | 422.00 | OK | |
r-patched-linux-x86_64 | 1.2.2 | 56.65 | 426.10 | 482.75 | OK | |
r-release-linux-x86_64 | 1.2.2 | 61.15 | 421.34 | 482.49 | OK | |
r-release-macos-arm64 | 1.2.2 | 5.00 | ERROR | |||
r-release-macos-x86_64 | 1.2.2 | 6.00 | ERROR | |||
r-release-windows-x86_64 | 1.2.2 | 61.00 | 360.00 | 421.00 | OK | |
r-oldrel-macos-arm64 | 1.2.2 | 190.00 | OK | |||
r-oldrel-macos-x86_64 | 1.2.2 | 299.00 | OK | |||
r-oldrel-windows-x86_64 | 1.2.2 | 83.00 | 487.00 | 570.00 | OK |
Version: 1.2.2
Check: package dependencies
Result: ERROR
Package required but not available: ‘org.Hs.eg.db’
See section ‘The DESCRIPTION file’ in the ‘Writing R Extensions’
manual.
Flavor: r-release-macos-arm64
Version: 1.2.2
Check: package dependencies
Result: ERROR
Package required but not available: ‘TSCAN’
See section ‘The DESCRIPTION file’ in the ‘Writing R Extensions’
manual.
Flavor: r-release-macos-x86_64