Last updated on 2025-10-08 18:49:30 CEST.
Flavor | Version | Tinstall | Tcheck | Ttotal | Status | Flags |
---|---|---|---|---|---|---|
r-devel-linux-x86_64-debian-clang | 1.0.3 | 18.59 | 428.61 | 447.20 | OK | |
r-devel-linux-x86_64-debian-gcc | 1.0.3 | 13.18 | 284.20 | 297.38 | OK | |
r-devel-linux-x86_64-fedora-clang | 1.0.3 | 680.10 | OK | |||
r-devel-linux-x86_64-fedora-gcc | 1.0.4 | 789.04 | OK | |||
r-devel-windows-x86_64 | 1.0.3 | 19.00 | 382.00 | 401.00 | OK | |
r-patched-linux-x86_64 | 1.0.3 | 19.06 | 411.96 | 431.02 | OK | |
r-release-linux-x86_64 | 1.0.3 | 16.82 | 414.74 | 431.56 | OK | |
r-release-macos-arm64 | 161.00 | FAIL | ||||
r-release-macos-x86_64 | 1.0.4 | 435.00 | OK | |||
r-release-windows-x86_64 | 1.0.3 | 21.00 | 390.00 | 411.00 | OK | |
r-oldrel-macos-arm64 | 1.0.4 | 221.00 | OK | |||
r-oldrel-macos-x86_64 | 1.0.4 | 401.00 | OK | |||
r-oldrel-windows-x86_64 | 1.0.3 | 26.00 | 535.00 | 561.00 | OK |
Version: 1.0.4
Check: re-building of vignette outputs
Result: FAIL
Flavor: r-release-macos-arm64