Last updated on 2025-10-09 00:49:02 CEST.
Flavor | Version | Tinstall | Tcheck | Ttotal | Status | Flags |
---|---|---|---|---|---|---|
r-devel-linux-x86_64-debian-clang | 1.0.2 | 1.89 | 32.82 | 34.71 | NOTE | |
r-devel-linux-x86_64-debian-gcc | 1.0.2 | 1.17 | 25.93 | 27.10 | NOTE | |
r-devel-linux-x86_64-fedora-clang | 1.0.2 | 49.23 | OK | |||
r-devel-linux-x86_64-fedora-gcc | 1.0.2 | 49.09 | OK | |||
r-devel-windows-x86_64 | 1.0.2 | 3.00 | 56.00 | 59.00 | OK | |
r-patched-linux-x86_64 | 1.0.2 | 1.98 | 31.12 | 33.10 | OK | |
r-release-linux-x86_64 | 1.0.2 | 1.72 | 31.17 | 32.89 | OK | |
r-release-macos-arm64 | 1.0.2 | 23.00 | OK | |||
r-release-macos-x86_64 | 1.0.2 | 47.00 | OK | |||
r-release-windows-x86_64 | 1.0.2 | 3.00 | 57.00 | 60.00 | OK | |
r-oldrel-macos-arm64 | 1.0.2 | 20.00 | OK | |||
r-oldrel-macos-x86_64 | 1.0.2 | 32.00 | OK | |||
r-oldrel-windows-x86_64 | 1.0.2 | 4.00 | 60.00 | 64.00 | OK |
Version: 1.0.2
Check: CRAN incoming feasibility
Result: NOTE
Maintainer: ‘Zijian Guo <zijguo@stat.rutgers.edu>’
The Description field contains
Debiased Lasso method was proposed in <arXiv:2004.03758>.
Please refer to arXiv e-prints via their arXiv DOI <doi:10.48550/arXiv.YYMM.NNNNN>.
Flavors: r-devel-linux-x86_64-debian-clang, r-devel-linux-x86_64-debian-gcc