Last updated on 2025-11-01 08:49:41 CET.
| Flavor | Version | Tinstall | Tcheck | Ttotal | Status | Flags |
|---|---|---|---|---|---|---|
| r-devel-linux-x86_64-debian-clang | 1.0-2 | 8.39 | 141.11 | 149.50 | OK | |
| r-devel-linux-x86_64-debian-gcc | 1.0-2 | 5.91 | 95.09 | 101.00 | OK | |
| r-devel-linux-x86_64-fedora-clang | 1.0-2 | 54.00 | 179.84 | 233.84 | OK | |
| r-devel-linux-x86_64-fedora-gcc | 1.0-2 | 19.00 | 217.21 | 236.21 | OK | |
| r-devel-windows-x86_64 | 1.0-2 | 9.00 | 105.00 | 114.00 | OK | --no-vignettes |
| r-patched-linux-x86_64 | 1.0-2 | 6.58 | 132.63 | 139.21 | OK | |
| r-release-linux-x86_64 | 1.0-2 | 7.21 | 133.68 | 140.89 | OK | |
| r-release-macos-arm64 | 1.0-2 | 4.00 | 149.00 | 153.00 | OK | |
| r-release-macos-x86_64 | 1.0-2 | 7.00 | 328.00 | 335.00 | OK | |
| r-release-windows-x86_64 | 1.0-2 | 10.00 | 107.00 | 117.00 | OK | --no-vignettes |
| r-oldrel-macos-arm64 | 1.0-2 | 5.00 | 158.00 | 163.00 | NOTE | |
| r-oldrel-macos-x86_64 | 1.0-2 | 14.00 | 347.00 | 361.00 | NOTE | |
| r-oldrel-windows-x86_64 | 1.0-2 | 13.00 | 118.00 | 131.00 | OK | --no-vignettes |
Version: 1.0-2
Check: package dependencies
Result: NOTE
Package suggested but not available for checking: ‘INLA’
Flavors: r-oldrel-macos-arm64, r-oldrel-macos-x86_64