Last updated on 2025-07-17 18:49:42 CEST.
Flavor | Version | Tinstall | Tcheck | Ttotal | Status | Flags |
---|---|---|---|---|---|---|
r-devel-linux-x86_64-debian-clang | 0.1-22 | 34.01 | 158.63 | 192.64 | NOTE | |
r-devel-linux-x86_64-debian-gcc | 0.1-22 | 23.64 | 116.31 | 139.95 | NOTE | |
r-devel-linux-x86_64-fedora-clang | 0.1-22 | 306.21 | OK | |||
r-devel-linux-x86_64-fedora-gcc | 0.1-22 | 297.55 | OK | |||
r-devel-windows-x86_64 | 0.1-22 | 40.00 | 204.00 | 244.00 | OK | |
r-patched-linux-x86_64 | 0.1-22 | 35.74 | 149.79 | 185.53 | OK | |
r-release-linux-x86_64 | 0.1-22 | 32.04 | 151.70 | 183.74 | OK | |
r-release-macos-arm64 | 0.1-22 | 116.00 | OK | |||
r-release-macos-x86_64 | 0.1-22 | 175.00 | OK | |||
r-release-windows-x86_64 | 0.1-22 | 43.00 | 205.00 | 248.00 | OK | |
r-oldrel-macos-arm64 | 0.1-22 | 90.00 | OK | |||
r-oldrel-macos-x86_64 | 0.1-22 | 187.00 | OK | |||
r-oldrel-windows-x86_64 | 0.1-22 | 48.00 | 250.00 | 298.00 | OK |
Version: 0.1-22
Check: CRAN incoming feasibility
Result: NOTE
Maintainer: ‘Kornelius Rohmeyer <rohmeyer@small-projects.de>’
No Authors@R field in DESCRIPTION.
Please add one, modifying
Authors@R: person(given = "Kornelius",
family = "Rohmeyer",
role = c("aut", "cre"),
email = "rohmeyer@small-projects.de")
as necessary.
Flavors: r-devel-linux-x86_64-debian-clang, r-devel-linux-x86_64-debian-gcc