Last updated on 2025-10-31 01:48:54 CET.
| Flavor | Version | Tinstall | Tcheck | Ttotal | Status | Flags | 
|---|---|---|---|---|---|---|
| r-devel-linux-x86_64-debian-clang | 1.0 | 5.12 | 49.82 | 54.94 | NOTE | |
| r-devel-linux-x86_64-debian-gcc | 1.0 | 4.32 | 38.68 | 43.00 | NOTE | |
| r-devel-linux-x86_64-fedora-clang | 1.0 | 48.00 | 42.40 | 90.40 | OK | |
| r-devel-linux-x86_64-fedora-gcc | 1.0 | 13.00 | 65.24 | 78.24 | OK | |
| r-devel-windows-x86_64 | 1.0 | 6.00 | 60.00 | 66.00 | OK | |
| r-patched-linux-x86_64 | 1.0 | 5.08 | 46.99 | 52.07 | OK | |
| r-release-linux-x86_64 | 1.0 | 5.67 | 47.81 | 53.48 | OK | |
| r-release-macos-arm64 | 1.0 | 3.00 | 28.00 | 31.00 | OK | |
| r-release-macos-x86_64 | 1.0 | 4.00 | 43.00 | 47.00 | OK | |
| r-release-windows-x86_64 | 1.0 | 7.00 | 61.00 | 68.00 | OK | |
| r-oldrel-macos-arm64 | 1.0 | 3.00 | 28.00 | 31.00 | OK | |
| r-oldrel-macos-x86_64 | 1.0 | 5.00 | 35.00 | 40.00 | OK | |
| r-oldrel-windows-x86_64 | 1.0 | 9.00 | 73.00 | 82.00 | OK | 
Version: 1.0
Check: CRAN incoming feasibility
Result: NOTE
  Maintainer: ‘Hyeri You <h2you@health.ucsd.edu>’
  
  No Authors@R field in DESCRIPTION.
  Please add one, modifying
    Authors@R: c(person(given = "Hyeri",
                        family = "You",
                        role = c("aut", "cre"),
                        email = "h2you@health.ucsd.edu"),
                 person(given = "Ronghui",
                        family = "Xu",
                        role = "aut"))
  as necessary.
Flavors: r-devel-linux-x86_64-debian-clang, r-devel-linux-x86_64-debian-gcc