Last updated on 2024-06-10 10:58:41 CEST.
Flavor | Version | Tinstall | Tcheck | Ttotal | Status | Flags |
---|---|---|---|---|---|---|
r-devel-linux-x86_64-debian-clang | 0.5.10 | 13.62 | 34.86 | 48.48 | NOTE | |
r-devel-linux-x86_64-debian-gcc | 0.5.10 | 8.98 | 26.63 | 35.61 | NOTE | |
r-devel-linux-x86_64-fedora-clang | 0.5.10 | 59.25 | NOTE | |||
r-devel-linux-x86_64-fedora-gcc | 0.5.10 | 56.59 | NOTE | |||
r-devel-windows-x86_64 | 0.5.10 | 19.00 | 52.00 | 71.00 | NOTE | |
r-patched-linux-x86_64 | 0.5.10 | 11.28 | 34.07 | 45.35 | NOTE | |
r-release-linux-x86_64 | 0.5.10 | 9.70 | 33.14 | 42.84 | NOTE | |
r-release-macos-arm64 | 0.5.10 | 25.00 | NOTE | |||
r-release-macos-x86_64 | 0.5.10 | 33.00 | NOTE | |||
r-release-windows-x86_64 | 0.5.10 | 18.00 | 78.00 | 96.00 | NOTE | |
r-oldrel-macos-arm64 | 0.5.10 | 25.00 | OK | |||
r-oldrel-macos-x86_64 | 0.5.10 | 37.00 | OK | |||
r-oldrel-windows-x86_64 | 0.5.10 | 21.00 | 55.00 | 76.00 | OK |
Version: 0.5.10
Check: Rd files
Result: NOTE
checkRd: (-1) kprime.Rd:36: Lost braces; missing escapes or markup?
36 | kprime is a {p,d,q} set of functions that compute the K-prime distribution. This distribution has many applications,
| ^
checkRd: (-1) lsecond.Rd:37: Lost braces; missing escapes or markup?
37 | lsecond are {p,d,q} functions that compute the Lambda-second (L") distribution. This
| ^
checkRd: (-1) pilsecond.Rd:39: Lost braces; missing escapes or markup?
39 | pilsecond are {p,d,q} functions that compute the prior-informed Lambda-second (L") distribution. This
| ^
Flavors: r-devel-linux-x86_64-debian-clang, r-devel-linux-x86_64-debian-gcc, r-devel-linux-x86_64-fedora-clang, r-devel-linux-x86_64-fedora-gcc, r-devel-windows-x86_64, r-patched-linux-x86_64, r-release-linux-x86_64, r-release-macos-arm64, r-release-macos-x86_64, r-release-windows-x86_64