Last updated on 2025-10-26 11:50:35 CET.
| Flavor | Version | Tinstall | Tcheck | Ttotal | Status | Flags |
|---|---|---|---|---|---|---|
| r-devel-linux-x86_64-debian-clang | 1.43 | 6.30 | 54.32 | 60.62 | NOTE | |
| r-devel-linux-x86_64-debian-gcc | 1.43 | 4.43 | 42.51 | 46.94 | NOTE | |
| r-devel-linux-x86_64-fedora-clang | 1.43 | 15.00 | 74.69 | 89.69 | OK | |
| r-devel-linux-x86_64-fedora-gcc | 1.43 | 15.00 | 74.13 | 89.13 | OK | |
| r-devel-windows-x86_64 | 1.43 | 7.00 | 65.00 | 72.00 | OK | |
| r-patched-linux-x86_64 | 1.43 | 5.80 | 54.35 | 60.15 | OK | |
| r-release-linux-x86_64 | 1.43 | 5.62 | 53.81 | 59.43 | OK | |
| r-release-macos-arm64 | 1.43 | 3.00 | 30.00 | 33.00 | OK | |
| r-release-macos-x86_64 | 1.43 | 9.00 | 72.00 | 81.00 | OK | |
| r-release-windows-x86_64 | 1.43 | 7.00 | 67.00 | 74.00 | OK | |
| r-oldrel-macos-arm64 | 1.43 | 3.00 | 29.00 | 32.00 | OK | |
| r-oldrel-macos-x86_64 | 1.43 | 4.00 | 40.00 | 44.00 | OK | |
| r-oldrel-windows-x86_64 | 1.43 | 9.00 | 79.00 | 88.00 | OK |
Version: 1.43
Check: CRAN incoming feasibility
Result: NOTE
Maintainer: ‘Lars Ronnegard <lrn@du.se>’
No Authors@R field in DESCRIPTION.
Please add one, modifying
Authors@R: person(given = "Lars",
family = "Ronnegard",
role = c("aut", "cre"),
email = "lrn@du.se")
as necessary.
Flavors: r-devel-linux-x86_64-debian-clang, r-devel-linux-x86_64-debian-gcc