CRAN Package Check Results for Package ChoR

Last updated on 2025-11-20 20:49:47 CET.

Flavor Version Tinstall Tcheck Ttotal Status Flags
r-devel-linux-x86_64-debian-clang 0.0-4 3.09 35.80 38.89 NOTE
r-devel-linux-x86_64-debian-gcc 0.0-4 2.58 27.88 30.46 NOTE
r-devel-linux-x86_64-fedora-clang 0.0-4 56.22 OK
r-devel-linux-x86_64-fedora-gcc 0.0-4 56.47 OK
r-devel-windows-x86_64 0.0-4 8.00 51.00 59.00 OK
r-patched-linux-x86_64 0.0-4 3.38 34.00 37.38 OK
r-release-linux-x86_64 0.0-4 3.25 33.98 37.23 OK
r-release-macos-arm64 0.0-4 OK
r-release-macos-x86_64 0.0-4 3.00 38.00 41.00 OK
r-release-windows-x86_64 0.0-4 4.00 51.00 55.00 OK
r-oldrel-macos-arm64 0.0-4 NOTE
r-oldrel-macos-x86_64 0.0-4 3.00 28.00 31.00 NOTE
r-oldrel-windows-x86_64 0.0-4 4.00 59.00 63.00 NOTE

Check Details

Version: 0.0-4
Check: CRAN incoming feasibility
Result: NOTE Maintainer: ‘Matthieu Herrmann <matthieu.herrmann@monash.edu>’ Package CITATION file contains call(s) to old-style personList() or as.personList(). Please use c() on person objects instead. Package CITATION file contains call(s) to old-style citEntry(). Please use bibentry() instead. Flavors: r-devel-linux-x86_64-debian-clang, r-devel-linux-x86_64-debian-gcc

Version: 0.0-4
Check: LazyData
Result: NOTE 'LazyData' is specified without a 'data' directory Flavors: r-oldrel-macos-arm64, r-oldrel-macos-x86_64, r-oldrel-windows-x86_64