Last updated on 2025-10-24 11:50:42 CEST.
| Flavor | Version | Tinstall | Tcheck | Ttotal | Status | Flags |
|---|---|---|---|---|---|---|
| r-devel-linux-x86_64-debian-clang | 0.3 | 68.59 | 127.09 | 195.68 | NOTE | |
| r-devel-linux-x86_64-debian-gcc | 0.3 | 42.85 | 95.68 | 138.53 | NOTE | |
| r-devel-linux-x86_64-fedora-clang | 0.3 | 252.00 | 92.42 | 344.42 | NOTE | |
| r-devel-linux-x86_64-fedora-gcc | 0.3 | 108.00 | 207.76 | 315.76 | NOTE | |
| r-devel-windows-x86_64 | 0.3 | 74.00 | 145.00 | 219.00 | NOTE | |
| r-patched-linux-x86_64 | 0.3 | 56.76 | 123.21 | 179.97 | NOTE | |
| r-release-linux-x86_64 | 0.3 | 58.96 | 121.78 | 180.74 | NOTE | |
| r-release-macos-arm64 | 0.3 | 33.00 | 93.00 | 126.00 | NOTE | |
| r-release-macos-x86_64 | 0.3 | 30.00 | 114.00 | 144.00 | NOTE | |
| r-release-windows-x86_64 | 0.3 | 83.00 | 146.00 | 229.00 | NOTE | |
| r-oldrel-macos-arm64 | 0.3 | 12.00 | 38.00 | 50.00 | NOTE | |
| r-oldrel-macos-x86_64 | 0.3 | 15.00 | 65.00 | 80.00 | NOTE | |
| r-oldrel-windows-x86_64 | 0.3 | 94.00 | 186.00 | 280.00 | NOTE |
Version: 0.3
Check: DESCRIPTION meta-information
Result: NOTE
Missing dependency on R >= 4.1.0 because package code uses the pipe
|> or function shorthand \(...) syntax added in R 4.1.0.
File(s) using such syntax:
‘CBRBase.R’ ‘RFModel.R’ ‘RegressionModel.R’ ‘distance.R’
‘generate_grid.R’ ‘utils.R’
Flavors: r-devel-linux-x86_64-debian-clang, r-devel-linux-x86_64-debian-gcc, r-devel-linux-x86_64-fedora-clang, r-devel-linux-x86_64-fedora-gcc, r-devel-windows-x86_64, r-patched-linux-x86_64, r-release-linux-x86_64, r-release-macos-arm64, r-release-macos-x86_64, r-release-windows-x86_64
Version: 0.3
Check: for GNU extensions in Makefiles
Result: NOTE
GNU make is a SystemRequirements.
Flavors: r-oldrel-macos-arm64, r-oldrel-macos-x86_64, r-oldrel-windows-x86_64