Last updated on 2025-10-21 23:50:49 CEST.
Flavor | Version | Tinstall | Tcheck | Ttotal | Status | Flags |
---|---|---|---|---|---|---|
r-devel-linux-x86_64-debian-clang | 1.1.1 | 4.73 | 68.59 | 73.32 | NOTE | |
r-devel-linux-x86_64-debian-gcc | 1.1.1 | 3.11 | 47.25 | 50.36 | NOTE | |
r-devel-linux-x86_64-fedora-clang | 1.1.1 | 11.00 | 98.22 | 109.22 | OK | |
r-devel-linux-x86_64-fedora-gcc | 1.1.1 | 10.00 | 110.25 | 120.25 | OK | |
r-devel-windows-x86_64 | 1.1.1 | 6.00 | 80.00 | 86.00 | OK | |
r-patched-linux-x86_64 | 1.1.1 | 5.50 | 61.94 | 67.44 | OK | |
r-release-linux-x86_64 | 1.1.1 | 4.90 | 63.08 | 67.98 | OK | |
r-release-macos-arm64 | 1.1.1 | 2.00 | 54.00 | 56.00 | OK | |
r-release-macos-x86_64 | 1.1.1 | 4.00 | 71.00 | 75.00 | OK | |
r-release-windows-x86_64 | 1.1.1 | 7.00 | 83.00 | 90.00 | OK | |
r-oldrel-macos-arm64 | 1.1.1 | 2.00 | 37.00 | 39.00 | OK | |
r-oldrel-macos-x86_64 | 1.1.1 | 6.00 | 125.00 | 131.00 | OK | |
r-oldrel-windows-x86_64 | 1.1.1 | 8.00 | 106.00 | 114.00 | OK |
Version: 1.1.1
Check: HTML version of manual
Result: NOTE
Found the following HTML validation problems:
Canto_pesticides.html:61:1 (Canto_pesticides.Rd:20): Warning: missing </ul> before </div>
Flavors: r-devel-linux-x86_64-debian-clang, r-devel-linux-x86_64-debian-gcc