Last updated on 2025-10-30 19:53:22 CET.
| Flavor | Version | Tinstall | Tcheck | Ttotal | Status | Flags | 
|---|---|---|---|---|---|---|
| r-devel-linux-x86_64-debian-clang | 2.3.3 | 2.37 | 24.89 | 27.26 | NOTE | |
| r-devel-linux-x86_64-debian-gcc | 2.3.3 | 1.74 | 19.57 | 21.31 | NOTE | |
| r-devel-linux-x86_64-fedora-clang | 2.3.3 | 39.78 | NOTE | |||
| r-devel-linux-x86_64-fedora-gcc | 2.3.3 | 38.19 | NOTE | |||
| r-devel-windows-x86_64 | 2.3.3 | 3.00 | 42.00 | 45.00 | OK | |
| r-patched-linux-x86_64 | 2.3.3 | 2.55 | 23.43 | 25.98 | NOTE | |
| r-release-linux-x86_64 | 2.3.3 | 2.27 | 23.39 | 25.66 | NOTE | |
| r-release-macos-arm64 | 2.3.3 | 1.00 | 15.00 | 16.00 | OK | |
| r-release-macos-x86_64 | 2.3.3 | 2.00 | 24.00 | 26.00 | OK | |
| r-release-windows-x86_64 | 2.3.3 | 4.00 | 43.00 | 47.00 | OK | |
| r-oldrel-macos-arm64 | 2.3.3 | 1.00 | 15.00 | 16.00 | OK | |
| r-oldrel-macos-x86_64 | 2.3.3 | 2.00 | 23.00 | 25.00 | OK | |
| r-oldrel-windows-x86_64 | 2.3.3 | 3.00 | 41.00 | 44.00 | OK | 
Version: 2.3.3
Check: CRAN incoming feasibility
Result: NOTE
  Maintainer: ‘John T. Willse <willse@uncg.edu>’
  
  No Authors@R field in DESCRIPTION.
  Please add one, modifying
    Authors@R: person(given = c("John", "T."),
                      family = "Willse",
                      role = c("aut", "cre"),
                      email = "willse@uncg.edu")
  as necessary.
Flavors: r-devel-linux-x86_64-debian-clang, r-devel-linux-x86_64-debian-gcc
Version: 2.3.3
Check: for non-standard things in the check directory
Result: NOTE
  Found the following files/directories:
    ‘Hello.csv’
Flavors: r-devel-linux-x86_64-debian-clang, r-devel-linux-x86_64-debian-gcc, r-devel-linux-x86_64-fedora-clang, r-devel-linux-x86_64-fedora-gcc, r-patched-linux-x86_64, r-release-linux-x86_64