CRAN Package Check Results for Package CSGo

Last updated on 2025-07-10 02:51:02 CEST.

Flavor Version Tinstall Tcheck Ttotal Status Flags
r-devel-linux-x86_64-debian-clang 0.6.7 1.69 27.46 29.15 OK
r-devel-linux-x86_64-debian-gcc 0.6.7 1.67 22.59 24.26 OK
r-devel-linux-x86_64-fedora-clang 0.6.7 46.65 NOTE
r-devel-linux-x86_64-fedora-gcc 0.6.7 58.58 NOTE
r-devel-windows-x86_64 0.6.7 4.00 49.00 53.00 OK
r-patched-linux-x86_64 0.6.7 2.20 24.77 26.97 OK
r-release-linux-x86_64 0.6.7 1.80 24.65 26.45 OK
r-release-macos-arm64 0.6.7 26.00 OK
r-release-macos-x86_64 0.6.7 50.00 OK
r-release-windows-x86_64 0.6.7 4.00 48.00 52.00 OK
r-oldrel-macos-arm64 0.6.7 25.00 OK
r-oldrel-macos-x86_64 0.6.7 35.00 OK
r-oldrel-windows-x86_64 0.6.7 5.00 54.00 59.00 OK

Check Details

Version: 0.6.7
Check: dependencies in R code
Result: NOTE Namespaces in Imports field not imported from: ‘extrafont’ ‘future’ All declared Imports should be used. Flavors: r-devel-linux-x86_64-fedora-clang, r-devel-linux-x86_64-fedora-gcc