Last updated on 2025-10-30 19:53:22 CET.
| Flavor | Version | Tinstall | Tcheck | Ttotal | Status | Flags | 
|---|---|---|---|---|---|---|
| r-devel-linux-x86_64-debian-clang | 1.1.1 | 1.91 | 23.79 | 25.70 | OK | |
| r-devel-linux-x86_64-debian-gcc | 1.1.1 | 1.48 | 19.26 | 20.74 | OK | |
| r-devel-linux-x86_64-fedora-clang | 1.1.1 | 35.65 | OK | |||
| r-devel-linux-x86_64-fedora-gcc | 1.1.1 | 34.00 | OK | |||
| r-devel-windows-x86_64 | 1.1.1 | 4.00 | 46.00 | 50.00 | OK | |
| r-patched-linux-x86_64 | 1.1.1 | 1.82 | 21.28 | 23.10 | OK | |
| r-release-linux-x86_64 | 1.1.1 | 1.67 | 21.49 | 23.16 | OK | |
| r-release-macos-arm64 | 1.1.1 | 1.00 | 16.00 | 17.00 | OK | |
| r-release-macos-x86_64 | 1.1.1 | 3.00 | 33.00 | 36.00 | OK | |
| r-release-windows-x86_64 | 1.1.1 | 3.00 | 49.00 | 52.00 | OK | |
| r-oldrel-macos-arm64 | 1.1.1 | 1.00 | 14.00 | 15.00 | NOTE | |
| r-oldrel-macos-x86_64 | 1.1.1 | 2.00 | 23.00 | 25.00 | NOTE | |
| r-oldrel-windows-x86_64 | 1.1.1 | 4.00 | 52.00 | 56.00 | NOTE | 
Version: 1.1.1
Check: LazyData
Result: NOTE
    'LazyData' is specified without a 'data' directory
Flavors: r-oldrel-macos-arm64, r-oldrel-macos-x86_64, r-oldrel-windows-x86_64