Last updated on 2025-10-21 23:50:51 CEST.
Flavor | Version | Tinstall | Tcheck | Ttotal | Status | Flags |
---|---|---|---|---|---|---|
r-devel-linux-x86_64-debian-clang | 1.1.2 | 89.70 | 34.85 | 124.55 | OK | |
r-devel-linux-x86_64-debian-gcc | 1.1.2 | 56.45 | 27.00 | 83.45 | OK | |
r-devel-linux-x86_64-fedora-clang | 1.1.2 | 104.00 | 134.70 | 238.70 | OK | |
r-devel-linux-x86_64-fedora-gcc | 1.1.2 | 117.00 | 95.35 | 212.35 | OK | |
r-devel-windows-x86_64 | 1.1.2 | 108.00 | 73.00 | 181.00 | OK | |
r-patched-linux-x86_64 | 1.1.2 | 92.25 | 32.47 | 124.72 | OK | |
r-release-linux-x86_64 | 1.1.2 | 90.81 | 32.37 | 123.18 | OK | |
r-release-macos-arm64 | 1.1.2 | 40.00 | 17.00 | 57.00 | OK | |
r-release-macos-x86_64 | 1.1.2 | 42.00 | 29.00 | 71.00 | OK | |
r-release-windows-x86_64 | 1.1.2 | 111.00 | 76.00 | 187.00 | OK | |
r-oldrel-macos-arm64 | 1.1.2 | 38.00 | 28.00 | 66.00 | NOTE | |
r-oldrel-macos-x86_64 | 1.1.2 | 45.00 | 34.00 | 79.00 | NOTE | |
r-oldrel-windows-x86_64 | 1.1.2 | 128.00 | 86.00 | 214.00 | OK |
Version: 1.1.2
Check: installed package size
Result: NOTE
installed size is 5.3Mb
sub-directories of 1Mb or more:
libs 5.1Mb
Flavors: r-oldrel-macos-arm64, r-oldrel-macos-x86_64