Last updated on 2025-07-19 19:49:42 CEST.
Flavor | Version | Tinstall | Tcheck | Ttotal | Status | Flags |
---|---|---|---|---|---|---|
r-devel-linux-x86_64-debian-clang | 1.1.14 | 12.77 | 300.21 | 312.98 | NOTE | |
r-devel-linux-x86_64-debian-gcc | 1.1.14 | 9.26 | 197.06 | 206.32 | NOTE | |
r-devel-linux-x86_64-fedora-clang | 1.1.14 | 507.20 | NOTE | |||
r-devel-linux-x86_64-fedora-gcc | 1.1.14 | 511.72 | NOTE | |||
r-devel-windows-x86_64 | 1.1.14 | 17.00 | 294.00 | 311.00 | NOTE | |
r-patched-linux-x86_64 | 1.1.14 | 13.60 | 276.41 | 290.01 | NOTE | |
r-release-linux-x86_64 | 1.1.14 | 11.79 | 276.58 | 288.37 | NOTE | |
r-release-macos-arm64 | 1.1.14 | 152.00 | NOTE | |||
r-release-macos-x86_64 | 1.1.14 | 270.00 | NOTE | |||
r-release-windows-x86_64 | 1.1.14 | 16.00 | 288.00 | 304.00 | NOTE | |
r-oldrel-macos-arm64 | 1.1.14 | 138.00 | OK | |||
r-oldrel-macos-x86_64 | 1.1.14 | 198.00 | OK | |||
r-oldrel-windows-x86_64 | 1.1.14 | 20.00 | 382.00 | 402.00 | OK |
Version: 1.1.14
Check: DESCRIPTION meta-information
Result: NOTE
Missing dependency on R >= 4.1.0 because package code uses the pipe
|> or function shorthand \(...) syntax added in R 4.1.0.
File(s) using such syntax:
‘utils.R’
Flavors: r-devel-linux-x86_64-debian-clang, r-devel-linux-x86_64-debian-gcc, r-devel-linux-x86_64-fedora-clang, r-devel-linux-x86_64-fedora-gcc, r-devel-windows-x86_64, r-patched-linux-x86_64, r-release-linux-x86_64, r-release-macos-arm64, r-release-macos-x86_64, r-release-windows-x86_64