Last updated on 2025-10-31 14:49:38 CET.
| Flavor | Version | Tinstall | Tcheck | Ttotal | Status | Flags | 
|---|---|---|---|---|---|---|
| r-devel-linux-x86_64-debian-clang | 0.1-2 | 2.21 | 29.22 | 31.43 | NOTE | |
| r-devel-linux-x86_64-debian-gcc | 0.1-2 | 1.80 | 21.72 | 23.52 | NOTE | |
| r-devel-linux-x86_64-fedora-clang | 0.1-2 | 45.55 | NOTE | |||
| r-devel-linux-x86_64-fedora-gcc | 0.1-2 | 44.93 | NOTE | |||
| r-devel-windows-x86_64 | 0.1-2 | 3.00 | 47.00 | 50.00 | NOTE | |
| r-patched-linux-x86_64 | 0.1-2 | 2.44 | 27.01 | 29.45 | NOTE | |
| r-release-linux-x86_64 | 0.1-2 | 2.14 | 26.80 | 28.94 | NOTE | |
| r-release-macos-arm64 | 0.1-2 | 2.00 | 18.00 | 20.00 | NOTE | |
| r-release-macos-x86_64 | 0.1-2 | 2.00 | 30.00 | 32.00 | NOTE | |
| r-release-windows-x86_64 | 0.1-2 | 4.00 | 48.00 | 52.00 | NOTE | |
| r-oldrel-macos-arm64 | 0.1-2 | 1.00 | 18.00 | 19.00 | NOTE | |
| r-oldrel-macos-x86_64 | 0.1-2 | 2.00 | 23.00 | 25.00 | NOTE | |
| r-oldrel-windows-x86_64 | 0.1-2 | 4.00 | 55.00 | 59.00 | NOTE | 
Version: 0.1-2
Check: Rd files
Result: NOTE
  checkRd: (-1) cnlt.reg.Rd:43: Lost braces
      43 | \emph{Technometrics}, bold{60} (1), 48-60, DOI 10.1080/00401706.2017.1281846.\cr\cr
         |                           ^
  checkRd: (-1) fwtnppermC.Rd:35: Lost braces
      35 | Given \eqn{n} points on a line, \env{x}, each with a corresponding env{f} value this function computes
         |                                                                       ^
Flavors: r-devel-linux-x86_64-debian-clang, r-devel-linux-x86_64-debian-gcc, r-devel-linux-x86_64-fedora-clang, r-devel-linux-x86_64-fedora-gcc, r-devel-windows-x86_64, r-patched-linux-x86_64, r-release-linux-x86_64, r-release-macos-arm64, r-release-macos-x86_64, r-release-windows-x86_64, r-oldrel-macos-arm64, r-oldrel-macos-x86_64, r-oldrel-windows-x86_64