Last updated on 2025-10-31 14:49:37 CET.
| Flavor | Version | Tinstall | Tcheck | Ttotal | Status | Flags | 
|---|---|---|---|---|---|---|
| r-devel-linux-x86_64-debian-clang | 0.1.0 | 28.26 | 254.83 | 283.09 | OK | |
| r-devel-linux-x86_64-debian-gcc | 0.1.0 | 17.82 | 161.57 | 179.39 | OK | |
| r-devel-linux-x86_64-fedora-clang | 0.1.0 | 56.00 | 395.24 | 451.24 | OK | |
| r-devel-linux-x86_64-fedora-gcc | 0.1.0 | 61.00 | 394.37 | 455.37 | OK | |
| r-devel-windows-x86_64 | 0.1.0 | 37.00 | 202.00 | 239.00 | OK | |
| r-patched-linux-x86_64 | 0.1.0 | 24.70 | 244.20 | 268.90 | OK | |
| r-release-linux-x86_64 | 0.1.0 | 24.55 | 247.22 | 271.77 | OK | |
| r-release-macos-arm64 | 0.1.0 | 16.00 | 106.00 | 122.00 | OK | |
| r-release-macos-x86_64 | 0.1.0 | 22.00 | 243.00 | 265.00 | OK | |
| r-release-windows-x86_64 | 0.1.0 | 37.00 | 199.00 | 236.00 | OK | |
| r-oldrel-macos-arm64 | 0.1.0 | 10.00 | 86.00 | 96.00 | NOTE | |
| r-oldrel-macos-x86_64 | 0.1.0 | 16.00 | 138.00 | 154.00 | NOTE | |
| r-oldrel-windows-x86_64 | 0.1.0 | 46.00 | 278.00 | 324.00 | NOTE | 
Version: 0.1.0
Check: installed package size
Result: NOTE
    installed size is 48.6Mb
    sub-directories of 1Mb or more:
      extdata  48.5Mb
Flavors: r-oldrel-macos-arm64, r-oldrel-macos-x86_64, r-oldrel-windows-x86_64