Last updated on 2025-10-21 23:50:50 CEST.
Flavor | Version | Tinstall | Tcheck | Ttotal | Status | Flags |
---|---|---|---|---|---|---|
r-devel-linux-x86_64-debian-clang | 1.0 | 6.86 | 53.61 | 60.47 | NOTE | |
r-devel-linux-x86_64-debian-gcc | 1.0 | 4.96 | 40.78 | 45.74 | NOTE | |
r-devel-linux-x86_64-fedora-clang | 1.0 | 18.00 | 77.46 | 95.46 | NOTE | |
r-devel-linux-x86_64-fedora-gcc | 1.0 | 28.00 | 66.57 | 94.57 | NOTE | |
r-devel-windows-x86_64 | 1.0 | 7.00 | 64.00 | 71.00 | NOTE | |
r-patched-linux-x86_64 | 1.0 | 6.17 | 51.73 | 57.90 | NOTE | |
r-release-linux-x86_64 | 1.0 | 6.31 | 51.84 | 58.15 | NOTE | |
r-release-macos-arm64 | 1.0 | 3.00 | 29.00 | 32.00 | NOTE | |
r-release-macos-x86_64 | 1.0 | 6.00 | 58.00 | 64.00 | NOTE | |
r-release-windows-x86_64 | 1.0 | 7.00 | 65.00 | 72.00 | NOTE | |
r-oldrel-macos-arm64 | 1.0 | 3.00 | 26.00 | 29.00 | NOTE | |
r-oldrel-macos-x86_64 | 1.0 | 4.00 | 44.00 | 48.00 | NOTE | |
r-oldrel-windows-x86_64 | 1.0 | 9.00 | 78.00 | 87.00 | NOTE |
Version: 1.0
Check: CRAN incoming feasibility
Result: NOTE
Maintainer: ‘Toshiaki Ara <toshiaki.ara@gmail.com>’
No Authors@R field in DESCRIPTION.
Please add one, modifying
Authors@R: person(given = "Toshiaki",
family = "Ara",
role = c("aut", "cre"),
email = "toshiaki.ara@gmail.com")
as necessary.
Flavors: r-devel-linux-x86_64-debian-clang, r-devel-linux-x86_64-debian-gcc
Version: 1.0
Check: Rd files
Result: NOTE
checkRd: (-1) CIplot.Rd:58: Lost braces; missing escapes or markup?
58 | \item{las}{numeric in {0,1,2,3}; the style of axis labels.
| ^
Flavors: r-devel-linux-x86_64-debian-clang, r-devel-linux-x86_64-debian-gcc, r-devel-linux-x86_64-fedora-clang, r-devel-linux-x86_64-fedora-gcc, r-devel-windows-x86_64, r-patched-linux-x86_64, r-release-linux-x86_64, r-release-macos-arm64, r-release-macos-x86_64, r-release-windows-x86_64, r-oldrel-macos-arm64, r-oldrel-macos-x86_64, r-oldrel-windows-x86_64
Version: 1.0
Check: package dependencies
Result: NOTE
Package suggested but not available for checking: ‘userfriendlyscience’
Flavors: r-oldrel-macos-arm64, r-oldrel-macos-x86_64, r-oldrel-windows-x86_64