Last updated on 2025-07-19 14:48:23 CEST.
Flavor | Version | Tinstall | Tcheck | Ttotal | Status | Flags |
---|---|---|---|---|---|---|
r-devel-linux-x86_64-debian-clang | 2.2.1 | 184.45 | 72.06 | 256.51 | OK | |
r-devel-linux-x86_64-debian-gcc | 2.2.1 | 151.81 | 56.76 | 208.57 | OK | |
r-devel-linux-x86_64-fedora-clang | 2.2.1 | 429.90 | OK | |||
r-devel-linux-x86_64-fedora-gcc | 2.2.1 | 508.81 | OK | |||
r-devel-windows-x86_64 | 2.2.1 | 198.00 | 118.00 | 316.00 | OK | |
r-patched-linux-x86_64 | 2.2.1 | 191.15 | 75.36 | 266.51 | OK | |
r-release-linux-x86_64 | 2.2.1 | 197.88 | 74.80 | 272.68 | OK | |
r-release-macos-arm64 | 2.2.1 | 104.00 | OK | |||
r-release-macos-x86_64 | 2.2.1 | 138.00 | OK | |||
r-release-windows-x86_64 | 2.2.1 | 198.00 | 117.00 | 315.00 | OK | |
r-oldrel-macos-arm64 | 2.2.1 | 114.00 | NOTE | |||
r-oldrel-macos-x86_64 | 2.2.1 | 158.00 | NOTE | |||
r-oldrel-windows-x86_64 | 2.2.1 | 240.00 | 142.00 | 382.00 | OK |
Version: 2.2.1
Check: installed package size
Result: NOTE
installed size is 24.5Mb
sub-directories of 1Mb or more:
libs 24.1Mb
Flavors: r-oldrel-macos-arm64, r-oldrel-macos-x86_64