Last updated on 2024-06-10 10:58:40 CEST.
Flavor | Version | Tinstall | Tcheck | Ttotal | Status | Flags |
---|---|---|---|---|---|---|
r-devel-linux-x86_64-debian-clang | 1.0.16 | 8.50 | 65.91 | 74.41 | OK | |
r-devel-linux-x86_64-debian-gcc | 1.0.16 | 6.78 | 50.54 | 57.32 | OK | |
r-devel-linux-x86_64-fedora-clang | 1.0.16 | 103.99 | OK | |||
r-devel-linux-x86_64-fedora-gcc | 1.0.16 | 108.67 | OK | |||
r-devel-windows-x86_64 | 1.0.16 | 10.00 | 66.00 | 76.00 | OK | |
r-patched-linux-x86_64 | 1.0.16 | 7.00 | 66.01 | 73.01 | OK | |
r-release-linux-x86_64 | 1.0.16 | 9.14 | 65.81 | 74.95 | OK | |
r-release-macos-arm64 | 1.0.16 | 37.00 | OK | |||
r-release-macos-x86_64 | 1.0.16 | 53.00 | OK | |||
r-release-windows-x86_64 | 1.0.16 | 8.00 | 64.00 | 72.00 | WARN | |
r-oldrel-macos-arm64 | 1.0.16 | 37.00 | OK | |||
r-oldrel-macos-x86_64 | 1.0.16 | 57.00 | OK | |||
r-oldrel-windows-x86_64 | 1.0.16 | 11.00 | 74.00 | 85.00 | OK |
Version: 1.0.16
Check: S3 generic/method consistency
Result: WARN
Error: unable to load shared object 'D:/RCompile/CRANpkg/lib/4.4/tibble/libs/x64/tibble.dll':
LoadLibrary failure: Die Auslagerungsdatei ist zu klein, um diesen Vorgang durchzuführen.
Call sequence:
10: inDL(x, as.logical(local), as.logical(now), ...)
9: dyn.load(file, DLLpath = DLLpath, ...)
8: library.dynam(lib, package, package.lib)
7: loadNamespace(j <- i[[1L]], c(lib.loc, .libPaths()), versionCheck = vI[[j]])
6: asNamespace(ns)
5: namespaceImportFrom(ns, loadNamespace(j <- i[[1L]], c(lib.loc,
.libPaths()), versionCheck = vI[[j]]), i[[2L]], from = package)
4: loadNamespace(j <- i[[1L]], c(lib.loc, .libPaths()), versionCheck = vI[[j]])
3: asNamespace(ns)
2: namespaceImportFrom(ns, loadNamespace(j <- i[[1L]], c(lib.loc,
.libPaths()), versionCheck = vI[[j]]), i[[2L]], from = package)
1: loadNamespace(package, lib.loc)
Execution halted
See section 'Generic functions and methods' in the 'Writing R
Extensions' manual.
Flavor: r-release-windows-x86_64
Version: 1.0.16
Check: replacement functions
Result: WARN
Error: cannot allocate vector of size 2 Kb
Execution halted
The argument of a replacement function which corresponds to the right
hand side must be named 'value'.
Flavor: r-release-windows-x86_64
Version: 1.0.16
Check: Rd \usage sections
Result: NOTE
Fatal error: couldn't allocate node stack
The \usage entries for S3 methods should use the \method markup and not
their full name.
See chapter 'Writing R documentation files' in the 'Writing R
Extensions' manual.
Flavor: r-release-windows-x86_64