Last updated on 2025-10-30 13:48:31 CET.
| Flavor | Version | Tinstall | Tcheck | Ttotal | Status | Flags | 
|---|---|---|---|---|---|---|
| r-devel-linux-x86_64-debian-clang | 0.2.10 | 17.34 | 54.92 | 72.26 | NOTE | |
| r-devel-linux-x86_64-debian-gcc | 0.2.10 | 11.61 | 42.21 | 53.82 | NOTE | |
| r-devel-linux-x86_64-fedora-clang | 0.2.10 | 57.00 | 64.72 | 121.72 | OK | |
| r-devel-linux-x86_64-fedora-gcc | 0.2.10 | 45.00 | 79.07 | 124.07 | OK | |
| r-devel-windows-x86_64 | 0.2.10 | 23.00 | 81.00 | 104.00 | OK | |
| r-patched-linux-x86_64 | 0.2.10 | 17.24 | 50.42 | 67.66 | OK | |
| r-release-linux-x86_64 | 0.2.10 | 17.60 | 50.70 | 68.30 | OK | |
| r-release-macos-arm64 | 0.2.10 | 10.00 | 49.00 | 59.00 | OK | |
| r-release-macos-x86_64 | 0.2.10 | 10.00 | 68.00 | 78.00 | OK | |
| r-release-windows-x86_64 | 0.2.10 | 24.00 | 85.00 | 109.00 | OK | |
| r-oldrel-macos-arm64 | 0.2.10 | 9.00 | 34.00 | 43.00 | NOTE | |
| r-oldrel-macos-x86_64 | 0.2.10 | 10.00 | 50.00 | 60.00 | NOTE | |
| r-oldrel-windows-x86_64 | 0.2.10 | 28.00 | 107.00 | 135.00 | NOTE | 
Version: 0.2.10
Check: CRAN incoming feasibility
Result: NOTE
  Maintainer: ‘Zachary Colburn <zcolburn@gmail.com>’
  
  No Authors@R field in DESCRIPTION.
  Please add one, modifying
    Authors@R: person(given = "Zachary",
                      family = "Colburn",
                      role = c("aut", "cre"),
                      email = "zcolburn@gmail.com")
  as necessary.
Flavors: r-devel-linux-x86_64-debian-clang, r-devel-linux-x86_64-debian-gcc
Version: 0.2.10
Check: LazyData
Result: NOTE
    'LazyData' is specified without a 'data' directory
Flavors: r-oldrel-macos-arm64, r-oldrel-macos-x86_64, r-oldrel-windows-x86_64