Last updated on 2025-07-17 19:51:33 CEST.
Flavor | Version | Tinstall | Tcheck | Ttotal | Status | Flags |
---|---|---|---|---|---|---|
r-devel-linux-x86_64-debian-clang | 1.1.3 | 21.64 | 176.67 | 198.31 | NOTE | |
r-devel-linux-x86_64-debian-gcc | 1.1.3 | 15.62 | 121.83 | 137.45 | NOTE | |
r-devel-linux-x86_64-fedora-clang | 1.1.3 | 304.95 | OK | |||
r-devel-linux-x86_64-fedora-gcc | 1.1.3 | 301.86 | OK | |||
r-devel-windows-x86_64 | 1.1.3 | 21.00 | 154.00 | 175.00 | OK | |
r-patched-linux-x86_64 | 1.1.3 | 19.58 | 163.44 | 183.02 | OK | |
r-release-linux-x86_64 | 1.1.3 | 18.63 | 162.67 | 181.30 | OK | |
r-release-macos-arm64 | 1.1.3 | 91.00 | OK | |||
r-release-macos-x86_64 | 1.1.3 | 177.00 | OK | |||
r-release-windows-x86_64 | 1.1.3 | 21.00 | 145.00 | 166.00 | OK | |
r-oldrel-macos-arm64 | 1.1.3 | 84.00 | OK | |||
r-oldrel-macos-x86_64 | 1.1.3 | 126.00 | OK | |||
r-oldrel-windows-x86_64 | 1.1.3 | 28.00 | 197.00 | 225.00 | OK |
Version: 1.1.3
Check: CRAN incoming feasibility
Result: NOTE
Maintainer: ‘Tim Hulsen <thulsen@gmail.com>’
Package CITATION file contains call(s) to old-style personList() or
as.personList(). Please use c() on person objects instead.
Flavors: r-devel-linux-x86_64-debian-clang, r-devel-linux-x86_64-debian-gcc