Last updated on 2025-11-15 06:49:36 CET.
| Flavor | Version | Tinstall | Tcheck | Ttotal | Status | Flags |
|---|---|---|---|---|---|---|
| r-devel-linux-x86_64-debian-clang | 1.2.3 | 319.96 | 210.41 | 530.37 | OK | |
| r-devel-linux-x86_64-debian-gcc | 1.2.3 | 233.00 | 174.04 | 407.04 | OK | |
| r-devel-linux-x86_64-fedora-clang | 1.2.3 | 1440.00 | -553.26 | 886.74 | OK | |
| r-devel-linux-x86_64-fedora-gcc | 1.2.3 | 1980.00 | -881.99 | 1098.01 | OK | |
| r-devel-windows-x86_64 | 1.2.3 | 379.00 | 248.00 | 627.00 | OK | |
| r-patched-linux-x86_64 | 1.2.3 | 382.66 | 238.05 | 620.71 | OK | |
| r-release-linux-x86_64 | 1.2.3 | 292.65 | 239.08 | 531.73 | OK | |
| r-release-macos-arm64 | 1.2.3 | 124.00 | 80.00 | 204.00 | OK | |
| r-release-macos-x86_64 | 1.2.3 | 129.00 | 137.00 | 266.00 | OK | |
| r-release-windows-x86_64 | 1.2.3 | 322.00 | 247.00 | 569.00 | OK | |
| r-oldrel-macos-arm64 | 1.2.3 | 66.00 | 49.00 | 115.00 | NOTE | |
| r-oldrel-macos-x86_64 | 1.2.3 | 62.00 | 83.00 | 145.00 | NOTE | |
| r-oldrel-windows-x86_64 | 1.2.3 | 375.00 | 315.00 | 690.00 | NOTE |
Version: 1.2.3
Check: installed package size
Result: NOTE
installed size is 87.7Mb
sub-directories of 1Mb or more:
data 1.3Mb
help 1.8Mb
libs 83.5Mb
Flavors: r-oldrel-macos-arm64, r-oldrel-macos-x86_64, r-oldrel-windows-x86_64
Version: 1.2.3
Check: for GNU extensions in Makefiles
Result: NOTE
GNU make is a SystemRequirements.
Flavors: r-oldrel-macos-arm64, r-oldrel-macos-x86_64, r-oldrel-windows-x86_64