Last updated on 2025-10-31 20:48:33 CET.
| Flavor | Version | Tinstall | Tcheck | Ttotal | Status | Flags | 
|---|---|---|---|---|---|---|
| r-devel-linux-x86_64-debian-clang | 0.3.6 | 112.13 | 34.21 | 146.34 | OK | |
| r-devel-linux-x86_64-debian-gcc | 0.3.6 | 81.70 | 36.91 | 118.61 | OK | |
| r-devel-linux-x86_64-fedora-clang | 0.3.6 | 173.00 | 128.29 | 301.29 | OK | |
| r-devel-linux-x86_64-fedora-gcc | 0.3.6 | 223.00 | 67.06 | 290.06 | OK | |
| r-devel-windows-x86_64 | 0.3.5 | 126.00 | 85.00 | 211.00 | OK | |
| r-patched-linux-x86_64 | 0.3.5 | 115.05 | 45.05 | 160.10 | WARN | |
| r-release-linux-x86_64 | 0.3.5 | 116.17 | 44.23 | 160.40 | WARN | |
| r-release-macos-arm64 | 0.3.6 | 39.00 | 27.00 | 66.00 | OK | |
| r-release-macos-x86_64 | 0.3.6 | 68.00 | 107.00 | 175.00 | OK | |
| r-release-windows-x86_64 | 0.3.6 | 119.00 | 101.00 | 220.00 | OK | |
| r-oldrel-macos-arm64 | 0.3.6 | 38.00 | 31.00 | 69.00 | NOTE | |
| r-oldrel-macos-x86_64 | 0.3.6 | 72.00 | 128.00 | 200.00 | NOTE | |
| r-oldrel-windows-x86_64 | 0.3.5 | 153.00 | 99.00 | 252.00 | OK | 
Version: 0.3.5
Check: whether package can be installed
Result: WARN
  Found the following significant warnings:
    lasso_distribution.cpp:221:33: warning: ‘bool arma::is_finite(eT, const typename arma_scalar_only<eT>::result*) [with eT = double; typename arma_scalar_only<eT>::result = double]’ is deprecated: change arma::is_finite(val) to std::isfinite(val) [-Wdeprecated-declarations]
    lasso_distribution.cpp:222:30: warning: ‘bool arma::is_finite(eT, const typename arma_scalar_only<eT>::result*) [with eT = double; typename arma_scalar_only<eT>::result = double]’ is deprecated: change arma::is_finite(val) to std::isfinite(val) [-Wdeprecated-declarations]
    lasso_distribution.cpp:223:30: warning: ‘bool arma::is_finite(eT, const typename arma_scalar_only<eT>::result*) [with eT = double; typename arma_scalar_only<eT>::result = double]’ is deprecated: change arma::is_finite(val) to std::isfinite(val) [-Wdeprecated-declarations]
    lasso_distribution.cpp:420:38: warning: ‘bool arma::is_finite(eT, const typename arma_scalar_only<eT>::result*) [with eT = double; typename arma_scalar_only<eT>::result = double]’ is deprecated: change arma::is_finite(val) to std::isfinite(val) [-Wdeprecated-declarations]
    lasso_distribution.cpp:421:39: warning: ‘bool arma::is_finite(eT, const typename arma_scalar_only<eT>::result*) [with eT = double; typename arma_scalar_only<eT>::result = double]’ is deprecated: change arma::is_finite(val) to std::isfinite(val) [-Wdeprecated-declarations]
    lasso_distribution.cpp:491:23: warning: ‘bool arma::is_finite(eT, const typename arma_scalar_only<eT>::result*) [with eT = double; typename arma_scalar_only<eT>::result = double]’ is deprecated: change arma::is_finite(val) to std::isfinite(val) [-Wdeprecated-declarations]
    lasso_distribution.cpp:528:23: warning: ‘bool arma::is_finite(eT, const typename arma_scalar_only<eT>::result*) [with eT = double; typename arma_scalar_only<eT>::result = double]’ is deprecated: change arma::is_finite(val) to std::isfinite(val) [-Wdeprecated-declarations]
    lasso_distribution.cpp:768:25: warning: ‘bool arma::is_finite(eT, const typename arma_scalar_only<eT>::result*) [with eT = double; typename arma_scalar_only<eT>::result = double]’ is deprecated: change arma::is_finite(val) to std::isfinite(val) [-Wdeprecated-declarations]
  See ‘/home/hornik/tmp/R.check/r-patched-gcc/Work/PKGS/BayesianLasso.Rcheck/00install.out’ for details.
  * used C++ compiler: ‘g++-14 (Debian 14.3.0-8) 14.3.0’
Flavor: r-patched-linux-x86_64
Version: 0.3.5
Check: whether package can be installed
Result: WARN
  Found the following significant warnings:
    lasso_distribution.cpp:221:33: warning: ‘bool arma::is_finite(eT, const typename arma_scalar_only<eT>::result*) [with eT = double; typename arma_scalar_only<eT>::result = double]’ is deprecated: change arma::is_finite(val) to std::isfinite(val) [-Wdeprecated-declarations]
    lasso_distribution.cpp:222:30: warning: ‘bool arma::is_finite(eT, const typename arma_scalar_only<eT>::result*) [with eT = double; typename arma_scalar_only<eT>::result = double]’ is deprecated: change arma::is_finite(val) to std::isfinite(val) [-Wdeprecated-declarations]
    lasso_distribution.cpp:223:30: warning: ‘bool arma::is_finite(eT, const typename arma_scalar_only<eT>::result*) [with eT = double; typename arma_scalar_only<eT>::result = double]’ is deprecated: change arma::is_finite(val) to std::isfinite(val) [-Wdeprecated-declarations]
    lasso_distribution.cpp:420:38: warning: ‘bool arma::is_finite(eT, const typename arma_scalar_only<eT>::result*) [with eT = double; typename arma_scalar_only<eT>::result = double]’ is deprecated: change arma::is_finite(val) to std::isfinite(val) [-Wdeprecated-declarations]
    lasso_distribution.cpp:421:39: warning: ‘bool arma::is_finite(eT, const typename arma_scalar_only<eT>::result*) [with eT = double; typename arma_scalar_only<eT>::result = double]’ is deprecated: change arma::is_finite(val) to std::isfinite(val) [-Wdeprecated-declarations]
    lasso_distribution.cpp:491:23: warning: ‘bool arma::is_finite(eT, const typename arma_scalar_only<eT>::result*) [with eT = double; typename arma_scalar_only<eT>::result = double]’ is deprecated: change arma::is_finite(val) to std::isfinite(val) [-Wdeprecated-declarations]
    lasso_distribution.cpp:528:23: warning: ‘bool arma::is_finite(eT, const typename arma_scalar_only<eT>::result*) [with eT = double; typename arma_scalar_only<eT>::result = double]’ is deprecated: change arma::is_finite(val) to std::isfinite(val) [-Wdeprecated-declarations]
    lasso_distribution.cpp:768:25: warning: ‘bool arma::is_finite(eT, const typename arma_scalar_only<eT>::result*) [with eT = double; typename arma_scalar_only<eT>::result = double]’ is deprecated: change arma::is_finite(val) to std::isfinite(val) [-Wdeprecated-declarations]
  See ‘/home/hornik/tmp/R.check/r-release-gcc/Work/PKGS/BayesianLasso.Rcheck/00install.out’ for details.
  * used C++ compiler: ‘g++-14 (Debian 14.3.0-8) 14.3.0’
Flavor: r-release-linux-x86_64
Version: 0.3.6
Check: installed package size
Result: NOTE
    installed size is  7.3Mb
    sub-directories of 1Mb or more:
      libs   7.1Mb
Flavors: r-oldrel-macos-arm64, r-oldrel-macos-x86_64