Last updated on 2025-10-24 18:49:50 CEST.
| Flavor | Version | Tinstall | Tcheck | Ttotal | Status | Flags |
|---|---|---|---|---|---|---|
| r-devel-linux-x86_64-debian-clang | 0.1.1 | 3.52 | 32.59 | 36.11 | NOTE | |
| r-devel-linux-x86_64-debian-gcc | 0.1.1 | 2.69 | 24.55 | 27.24 | NOTE | |
| r-devel-linux-x86_64-fedora-clang | 0.1.1 | 23.00 | 34.25 | 57.25 | OK | |
| r-devel-linux-x86_64-fedora-gcc | 0.1.1 | 11.00 | 39.38 | 50.38 | OK | |
| r-devel-windows-x86_64 | 0.1.1 | 6.00 | 47.00 | 53.00 | OK | |
| r-patched-linux-x86_64 | 0.1.1 | 3.83 | 29.06 | 32.89 | OK | |
| r-release-linux-x86_64 | 0.1.1 | 3.63 | 29.36 | 32.99 | OK | |
| r-release-macos-arm64 | 0.1.1 | 2.00 | 20.00 | 22.00 | OK | |
| r-release-macos-x86_64 | 0.1.1 | 4.00 | 49.00 | 53.00 | OK | |
| r-release-windows-x86_64 | 0.1.1 | 4.00 | 50.00 | 54.00 | OK | |
| r-oldrel-macos-arm64 | 0.1.1 | 2.00 | 17.00 | 19.00 | OK | |
| r-oldrel-macos-x86_64 | 0.1.1 | 3.00 | 24.00 | 27.00 | OK | |
| r-oldrel-windows-x86_64 | 0.1.1 | 6.00 | 56.00 | 62.00 | OK |
Version: 0.1.1
Check: CRAN incoming feasibility
Result: NOTE
Maintainer: ‘Erik Thorsén <erik.thorsen@math.su.se>’
The Description field contains
(<arXiv:2104.02105>). The Metropolis-Hastings algorithm is designed
Please refer to arXiv e-prints via their arXiv DOI <doi:10.48550/arXiv.YYMM.NNNNN>.
Flavors: r-devel-linux-x86_64-debian-clang, r-devel-linux-x86_64-debian-gcc